{"id":2787,"date":"2024-10-02T10:15:25","date_gmt":"2024-10-02T09:15:25","guid":{"rendered":"https:\/\/www.saulnes.fr\/?page_id=2787"},"modified":"2025-09-11T13:58:15","modified_gmt":"2025-09-11T12:58:15","slug":"etat-civil","status":"publish","type":"page","link":"https:\/\/www.saulnes.fr\/?page_id=2787","title":{"rendered":"Etat-Civil"},"content":{"rendered":"<p>[et_pb_section fb_built=\u00a0\u00bb1&Prime; _builder_version=\u00a0\u00bb4.16&Prime; _module_preset=\u00a0\u00bbdefault\u00a0\u00bb global_colors_info=\u00a0\u00bb{}\u00a0\u00bb][et_pb_row _builder_version=\u00a0\u00bb4.16&Prime; _module_preset=\u00a0\u00bbdefault\u00a0\u00bb custom_margin=\u00a0\u00bb80px|auto||auto||\u00a0\u00bb custom_padding=\u00a0\u00bb||4px|||\u00a0\u00bb global_colors_info=\u00a0\u00bb{}\u00a0\u00bb][et_pb_column type=\u00a0\u00bb4_4&Prime; _builder_version=\u00a0\u00bb4.16&Prime; _module_preset=\u00a0\u00bbdefault\u00a0\u00bb global_colors_info=\u00a0\u00bb{}\u00a0\u00bb][et_pb_text _builder_version=\u00a0\u00bb4.27.2&Prime; _module_preset=\u00a0\u00bbdefault\u00a0\u00bb custom_margin=\u00a0\u00bb||-1px|||\u00a0\u00bb global_colors_info=\u00a0\u00bb{}\u00a0\u00bb]<\/p>\n<h1>Etat-Civil<\/h1>\n<p>[\/et_pb_text][et_pb_divider divider_weight=\u00a0\u00bb7px\u00a0\u00bb _builder_version=\u00a0\u00bb4.16&Prime; _module_preset=\u00a0\u00bbdefault\u00a0\u00bb global_colors_info=\u00a0\u00bb{}\u00a0\u00bb][\/et_pb_divider][\/et_pb_column][\/et_pb_row][et_pb_row _builder_version=\u00a0\u00bb4.27.2&Prime; _module_preset=\u00a0\u00bbdefault\u00a0\u00bb global_colors_info=\u00a0\u00bb{}\u00a0\u00bb][et_pb_column type=\u00a0\u00bb4_4&Prime; _builder_version=\u00a0\u00bb4.27.2&Prime; _module_preset=\u00a0\u00bbdefault\u00a0\u00bb global_colors_info=\u00a0\u00bb{}\u00a0\u00bb][et_pb_text _builder_version=\u00a0\u00bb4.27.4&Prime; _module_preset=\u00a0\u00bbdefault\u00a0\u00bb hover_enabled=\u00a0\u00bb0&Prime; global_colors_info=\u00a0\u00bb{}\u00a0\u00bb sticky_enabled=\u00a0\u00bb0&Prime;]<\/p>\n<h2 style=\"text-align: center;\">Le service de l&rsquo;Etat Civil de la Ville de Saulnes ne peut fournir<br \/>des actes seulement si ces derniers ont \u00e9t\u00e9 \u00e9tablis \u00e0 Saulnes<\/h2>\n<h4><\/h4>\n<h4><\/h4>\n<h4><\/h4>\n<h4>Demande d\u2019acte de naissance, mariage ou d\u00e9c\u00e8s &#8211; d\u00e9marches \u00e0 faire<\/h4>\n<p>&#8211; se rendre en Mairie avec copie de votre carte d\u2019identit\u00e9 et\/ou du livret de famille<br \/>&#8211; ou \u00e9galement par mail avec une copie de la carte d\u2019identit\u00e9 et\/ou du livret de famille<br \/>&#8211;\u00a0 ainsi que votre adresse postale pour l\u2019envoi<br \/><strong><\/strong><\/p>\n<p>Faites votre demande aupr\u00e8s de : <strong><a href=\"mailto:etatcivil-urbanisme@saulnes.fr\">etatcivil-urbanisme@saulnes.fr<\/a><\/strong><strong><\/strong><\/p>\n<h4>Formulaires pour un changement de nom de famille, de pr\u00e9nom, de pr\u00e9nom pour un enfant mineur<\/h4>\n<p>&#8211; <strong><a href=\"https:\/\/www.saulnes.fr\/wp-content\/uploads\/2025\/09\/cerfa_16229-02-Changement-de-nom-de-famille.pdf\">cerfa_16229-02<\/a> <\/strong>Changement de nom de famille<br \/>&#8211; <strong><a href=\"https:\/\/www.saulnes.fr\/wp-content\/uploads\/2025\/09\/cerfa_16233-02-Changement-de-prenom.pdf\">cerfa_16233-02<\/a><\/strong> Changement de pre\u0301nom<br \/>&#8211; <strong><a href=\"https:\/\/www.saulnes.fr\/wp-content\/uploads\/2025\/09\/cerfa_16234-01-Changement-de-prenom-dun-enfant-mineur.pdf\">cerfa_16234-01<\/a><\/strong> Changement de pre\u0301nom d&rsquo;un enfant mineur<\/p>\n<h4>Recensement militaire &#8211; d\u00e9marches \u00e0 faire<\/h4>\n<p>&#8211; se rendre en Mairie avec copie de votre carte d\u2019identit\u00e9<br \/>&#8211; justificatif de domicile demoins de 3 mois<br \/>&#8211; copie du livret de famille<\/p>\n<h4>Inscription liste \u00e9lectorale &#8211; d\u00e9marches \u00e0 faire<\/h4>\n<p>&#8211; remplir un formulaire en mairie ou <strong><a href=\"https:\/\/www.saulnes.fr\/wp-content\/uploads\/2025\/09\/cerfa_12669-02-Inscription-sur-les-listes-electorales.pdf\">cerfa n\u00b012669*02<\/a><\/strong><br \/>&#8211; justificatif de domicile de moins de 3 mois<br \/>&#8211; photocopie de votre carte d\u2019identit\u00e9<\/p>\n<p>[\/et_pb_text][\/et_pb_column][\/et_pb_row][\/et_pb_section][et_pb_section fb_built=\u00a0\u00bb1&Prime; _builder_version=\u00a0\u00bb4.16&Prime; _module_preset=\u00a0\u00bbdefault\u00a0\u00bb background_color=\u00a0\u00bb#9ACD32&Prime; global_colors_info=\u00a0\u00bb{}\u00a0\u00bb][et_pb_row column_structure=\u00a0\u00bb1_3,1_3,1_3&Prime; _builder_version=\u00a0\u00bb4.16&Prime; _module_preset=\u00a0\u00bbdefault\u00a0\u00bb global_colors_info=\u00a0\u00bb{}\u00a0\u00bb][et_pb_column type=\u00a0\u00bb1_3&Prime; _builder_version=\u00a0\u00bb4.16&Prime; _module_preset=\u00a0\u00bbdefault\u00a0\u00bb global_colors_info=\u00a0\u00bb{}\u00a0\u00bb][et_pb_image src=\u00a0\u00bbhttps:\/\/www.saulnes.fr\/wp-content\/uploads\/2021\/02\/saulnes2021_logo.png\u00a0\u00bb title_text=\u00a0\u00bbsaulnes2021_logo\u00a0\u00bb align=\u00a0\u00bbright\u00a0\u00bb _builder_version=\u00a0\u00bb4.16&Prime; _module_preset=\u00a0\u00bbdefault\u00a0\u00bb max_height=\u00a0\u00bb152px\u00a0\u00bb global_colors_info=\u00a0\u00bb{}\u00a0\u00bb][\/et_pb_image][\/et_pb_column][et_pb_column type=\u00a0\u00bb1_3&Prime; _builder_version=\u00a0\u00bb4.16&Prime; _module_preset=\u00a0\u00bbdefault\u00a0\u00bb global_colors_info=\u00a0\u00bb{}\u00a0\u00bb][et_pb_text _builder_version=\u00a0\u00bb4.25.2&Prime; _module_preset=\u00a0\u00bbdefault\u00a0\u00bb global_colors_info=\u00a0\u00bb{}\u00a0\u00bb]<\/p>\n<h5><span style=\"color: #000000;\">Mairie de Saulnes<\/span><\/h5>\n<p><span class=\"LrzXr\" style=\"color: #000000;\">2 rue de Longwy 54650 Saulnes<\/span><\/p>\n<p><span style=\"color: #000000;\"><span class=\"LrzXr\"><span class=\"LrzXr zdqRlf kno-fv\"><span aria-label=\"Appeler le 03 82 24 33 01\" role=\"link\">T\u00e9l. : 03 82 24 33 01<br \/><\/span><\/span><\/span><span class=\"LrzXr\"><span class=\"LrzXr zdqRlf kno-fv\">Fax : 03 82 24 08 18<br \/>Courriel : <\/span><\/span><\/span><span class=\"LrzXr\" style=\"color: #020202;\"><span class=\"LrzXr zdqRlf kno-fv\">contact-mairie@saulnes.fr<\/span><\/span><span class=\"LrzXr\" style=\"color: #000000;\"><span class=\"LrzXr zdqRlf kno-fv\"><br \/><\/span><\/span><span class=\"LrzXr\" style=\"color: #000000;\"><span class=\"LrzXr zdqRlf kno-fv\">Etat-Civil &#8211; Urbanisme : etatcivil-urbanisme@saulnes.fr<\/span><\/span><\/p>\n<p>[\/et_pb_text][\/et_pb_column][et_pb_column type=\u00a0\u00bb1_3&Prime; _builder_version=\u00a0\u00bb4.16&Prime; _module_preset=\u00a0\u00bbdefault\u00a0\u00bb global_colors_info=\u00a0\u00bb{}\u00a0\u00bb][et_pb_text _builder_version=\u00a0\u00bb4.16&Prime; _module_preset=\u00a0\u00bbdefault\u00a0\u00bb global_colors_info=\u00a0\u00bb{}\u00a0\u00bb]<\/p>\n<h5><span style=\"color: #000000;\">Horaires d&rsquo;ouverture<\/span><br \/><span style=\"color: #000000;\"> de la mairie<\/span><\/h5>\n<p><span style=\"color: #000000;\">Lundi\u00a0 : 8h15 \u00e0 11h45 \u2013 14h \u00e0 17h30 <\/span><br \/><span style=\"color: #000000;\">Mardi \u00a0 : Ferm\u00e9 le matin \u2013 14h \u00e0 17h30<\/span><br \/><span style=\"color: #000000;\">Mercredi 8h15 \u00e0 11h45 \u2013 14h \u00e0 17h30<\/span><br \/><span style=\"color: #000000;\">Jeudi\u00a0 : 8h15 \u00e0 11h45 \u2013 14h \u00e0 17h30<\/span><br \/><span style=\"color: #000000;\">Vendredi\u00a0 :\u00a0 8h15 \u00e0 11h45 \u2013 Ferm\u00e9 l\u2019apr\u00e8s-midi<\/span><\/p>\n<p>[\/et_pb_text][\/et_pb_column][\/et_pb_row][\/et_pb_section]<\/p>\n","protected":false},"excerpt":{"rendered":"<p>Etat-CivilLe service de l&rsquo;Etat Civil de la Ville de Saulnes ne peut fournirdes actes seulement si ces derniers ont \u00e9t\u00e9 \u00e9tablis \u00e0 Saulnes Demande d\u2019acte de naissance, mariage ou d\u00e9c\u00e8s &#8211; d\u00e9marches \u00e0 faire &#8211; se rendre en Mairie avec copie de votre carte d\u2019identit\u00e9 et\/ou du livret de famille- ou \u00e9galement par mail avec [&hellip;]<\/p>\n","protected":false},"author":1,"featured_media":0,"parent":0,"menu_order":0,"comment_status":"closed","ping_status":"closed","template":"","meta":{"_et_pb_use_builder":"on","_et_pb_old_content":"","_et_gb_content_width":"","footnotes":""},"class_list":["post-2787","page","type-page","status-publish","hentry"],"_links":{"self":[{"href":"https:\/\/www.saulnes.fr\/index.php?rest_route=\/wp\/v2\/pages\/2787","targetHints":{"allow":["GET"]}}],"collection":[{"href":"https:\/\/www.saulnes.fr\/index.php?rest_route=\/wp\/v2\/pages"}],"about":[{"href":"https:\/\/www.saulnes.fr\/index.php?rest_route=\/wp\/v2\/types\/page"}],"author":[{"embeddable":true,"href":"https:\/\/www.saulnes.fr\/index.php?rest_route=\/wp\/v2\/users\/1"}],"replies":[{"embeddable":true,"href":"https:\/\/www.saulnes.fr\/index.php?rest_route=%2Fwp%2Fv2%2Fcomments&post=2787"}],"version-history":[{"count":12,"href":"https:\/\/www.saulnes.fr\/index.php?rest_route=\/wp\/v2\/pages\/2787\/revisions"}],"predecessor-version":[{"id":3061,"href":"https:\/\/www.saulnes.fr\/index.php?rest_route=\/wp\/v2\/pages\/2787\/revisions\/3061"}],"wp:attachment":[{"href":"https:\/\/www.saulnes.fr\/index.php?rest_route=%2Fwp%2Fv2%2Fmedia&parent=2787"}],"curies":[{"name":"wp","href":"https:\/\/api.w.org\/{rel}","templated":true}]}}