{"id":2797,"date":"2024-10-02T10:31:37","date_gmt":"2024-10-02T09:31:37","guid":{"rendered":"https:\/\/www.saulnes.fr\/?page_id=2797"},"modified":"2025-09-11T13:25:37","modified_gmt":"2025-09-11T12:25:37","slug":"location-de-salles","status":"publish","type":"page","link":"https:\/\/www.saulnes.fr\/?page_id=2797","title":{"rendered":"Location de salles"},"content":{"rendered":"<p>[et_pb_section fb_built=\u00a0\u00bb1&Prime; _builder_version=\u00a0\u00bb4.16&Prime; _module_preset=\u00a0\u00bbdefault\u00a0\u00bb global_colors_info=\u00a0\u00bb{}\u00a0\u00bb][et_pb_row _builder_version=\u00a0\u00bb4.16&Prime; _module_preset=\u00a0\u00bbdefault\u00a0\u00bb custom_margin=\u00a0\u00bb80px|auto||auto||\u00a0\u00bb custom_padding=\u00a0\u00bb||4px|||\u00a0\u00bb global_colors_info=\u00a0\u00bb{}\u00a0\u00bb][et_pb_column type=\u00a0\u00bb4_4&Prime; _builder_version=\u00a0\u00bb4.16&Prime; _module_preset=\u00a0\u00bbdefault\u00a0\u00bb global_colors_info=\u00a0\u00bb{}\u00a0\u00bb][et_pb_text _builder_version=\u00a0\u00bb4.27.2&Prime; _module_preset=\u00a0\u00bbdefault\u00a0\u00bb custom_margin=\u00a0\u00bb||-1px|||\u00a0\u00bb global_colors_info=\u00a0\u00bb{}\u00a0\u00bb]<\/p>\n<h1>Location de salles<\/h1>\n<p>[\/et_pb_text][et_pb_divider divider_weight=\u00a0\u00bb7px\u00a0\u00bb _builder_version=\u00a0\u00bb4.16&Prime; _module_preset=\u00a0\u00bbdefault\u00a0\u00bb global_colors_info=\u00a0\u00bb{}\u00a0\u00bb][\/et_pb_divider][\/et_pb_column][\/et_pb_row][et_pb_row _builder_version=\u00a0\u00bb4.27.2&Prime; _module_preset=\u00a0\u00bbdefault\u00a0\u00bb global_colors_info=\u00a0\u00bb{}\u00a0\u00bb][et_pb_column type=\u00a0\u00bb4_4&Prime; _builder_version=\u00a0\u00bb4.27.2&Prime; _module_preset=\u00a0\u00bbdefault\u00a0\u00bb global_colors_info=\u00a0\u00bb{}\u00a0\u00bb][et_pb_text _builder_version=\u00a0\u00bb4.27.4&Prime; _module_preset=\u00a0\u00bbdefault\u00a0\u00bb hover_enabled=\u00a0\u00bb0&Prime; global_colors_info=\u00a0\u00bb{}\u00a0\u00bb sticky_enabled=\u00a0\u00bb0&Prime;]<\/p>\n<h4>Location de salles &#8211; d\u00e9marches \u00e0 faire<\/h4>\n<p>&#8211; adresser un courrier ou un mail \u00e0 l\u2019adresse <a href=\"mailto:contact-mairie@saulnes.fr\">contact-mairie@saulnes.fr<\/a> avec vos coordonn\u00e9es<br \/>&#8211; pr\u00e9ciser la date \u00e0 laquelle vous souhaitez r\u00e9server la salle et le type d\u2019\u00e9v\u00e8nement (mariage, anniversaire&#8230;)<br \/>&#8211; indiquer le nombre de convives<br \/>&#8211; fournir un ch\u00e8que de r\u00e9servation et de caution \u00e0 l\u2019ordre du Tr\u00e9sor Public et non dat\u00e9<br \/>&#8211; fournir une attestation d\u2019assurance civil \u00e0 votre nom<\/p>\n<p><a href=\"https:\/\/www.saulnes.fr\/wp-content\/uploads\/2025\/09\/Location-salles.pdf\"><strong>Tarifs des locations de salle<\/strong><\/a><\/p>\n<p><strong><a href=\"https:\/\/www.saulnes.fr\/wp-content\/uploads\/2025\/09\/Location-vaisselle.pdf\">Tarifs des locations de vaisselle<\/a><\/strong><\/p>\n<p>[\/et_pb_text][\/et_pb_column][\/et_pb_row][\/et_pb_section]<\/p>\n","protected":false},"excerpt":{"rendered":"<p>Location de sallesLocation de salles &#8211; d\u00e9marches \u00e0 faire &#8211; adresser un courrier ou un mail \u00e0 l\u2019adresse contact-mairie@saulnes.fr avec vos coordonn\u00e9es- pr\u00e9ciser la date \u00e0 laquelle vous souhaitez r\u00e9server la salle et le type d\u2019\u00e9v\u00e8nement (mariage, anniversaire&#8230;)- indiquer le nombre de convives- fournir un ch\u00e8que de r\u00e9servation et de caution \u00e0 l\u2019ordre du Tr\u00e9sor [&hellip;]<\/p>\n","protected":false},"author":1,"featured_media":0,"parent":0,"menu_order":0,"comment_status":"closed","ping_status":"closed","template":"","meta":{"_et_pb_use_builder":"on","_et_pb_old_content":"","_et_gb_content_width":"","footnotes":""},"class_list":["post-2797","page","type-page","status-publish","hentry"],"_links":{"self":[{"href":"https:\/\/www.saulnes.fr\/index.php?rest_route=\/wp\/v2\/pages\/2797","targetHints":{"allow":["GET"]}}],"collection":[{"href":"https:\/\/www.saulnes.fr\/index.php?rest_route=\/wp\/v2\/pages"}],"about":[{"href":"https:\/\/www.saulnes.fr\/index.php?rest_route=\/wp\/v2\/types\/page"}],"author":[{"embeddable":true,"href":"https:\/\/www.saulnes.fr\/index.php?rest_route=\/wp\/v2\/users\/1"}],"replies":[{"embeddable":true,"href":"https:\/\/www.saulnes.fr\/index.php?rest_route=%2Fwp%2Fv2%2Fcomments&post=2797"}],"version-history":[{"count":6,"href":"https:\/\/www.saulnes.fr\/index.php?rest_route=\/wp\/v2\/pages\/2797\/revisions"}],"predecessor-version":[{"id":3028,"href":"https:\/\/www.saulnes.fr\/index.php?rest_route=\/wp\/v2\/pages\/2797\/revisions\/3028"}],"wp:attachment":[{"href":"https:\/\/www.saulnes.fr\/index.php?rest_route=%2Fwp%2Fv2%2Fmedia&parent=2797"}],"curies":[{"name":"wp","href":"https:\/\/api.w.org\/{rel}","templated":true}]}}

<p>[et_pb_section fb_built= »1&Prime; _builder_version= »4.16&Prime; _module_preset= »default » global_colors_info= »{} »][et_pb_row _builder_version= »4.16&Prime; _module_preset= »default » custom_margin= »80px|auto||auto|| » custom_padding= »||4px||| » global_colors_info= »{} »][et_pb_column type= »4_4&Prime; _builder_version= »4.16&Prime; _module_preset= »default » global_colors_info= »{} »][et_pb_text _builder_version= »4.27.2&Prime; _module_preset= »default » custom_margin= »||-1px||| » global_colors_info= »{} »]</p>
<h1>Location de salles</h1>
<p>[/et_pb_text][et_pb_divider divider_weight= »7px » _builder_version= »4.16&Prime; _module_preset= »default » global_colors_info= »{} »][/et_pb_divider][/et_pb_column][/et_pb_row][et_pb_row _builder_version= »4.27.2&Prime; _module_preset= »default » global_colors_info= »{} »][et_pb_column type= »4_4&Prime; _builder_version= »4.27.2&Prime; _module_preset= »default » global_colors_info= »{} »][et_pb_text _builder_version= »4.27.4&Prime; _module_preset= »default » hover_enabled= »0&Prime; global_colors_info= »{} » sticky_enabled= »0&Prime;]</p>
<h4>Location de salles &#8211; démarches à faire</h4>
<p>&#8211; adresser un courrier ou un mail à l’adresse <a href="mailto:contact-mairie@saulnes.fr">contact-mairie@saulnes.fr</a> avec vos coordonnées<br />&#8211; préciser la date à laquelle vous souhaitez réserver la salle et le type d’évènement (mariage, anniversaire&#8230;)<br />&#8211; indiquer le nombre de convives<br />&#8211; fournir un chèque de réservation et de caution à l’ordre du Trésor Public et non daté<br />&#8211; fournir une attestation d’assurance civil à votre nom</p>
<p><a href="https://www.saulnes.fr/wp-content/uploads/2025/09/Location-salles.pdf"><strong>Tarifs des locations de salle</strong></a></p>
<p><strong><a href="https://www.saulnes.fr/wp-content/uploads/2025/09/Location-vaisselle.pdf">Tarifs des locations de vaisselle</a></strong></p>
<p>[/et_pb_text][/et_pb_column][/et_pb_row][/et_pb_section]</p>

<p>Location de sallesLocation de salles &#8211; démarches à faire &#8211; adresser un courrier ou un mail à l’adresse contact-mairie@saulnes.fr avec vos coordonnées- préciser la date à laquelle vous souhaitez réserver la salle et le type d’évènement (mariage, anniversaire&#8230;)- indiquer le nombre de convives- fournir un chèque de réservation et de caution à l’ordre du Trésor [&hellip;]</p>
