{"id":2804,"date":"2024-10-03T08:49:55","date_gmt":"2024-10-03T07:49:55","guid":{"rendered":"https:\/\/www.saulnes.fr\/?page_id=2804"},"modified":"2025-09-11T14:05:45","modified_gmt":"2025-09-11T13:05:45","slug":"scolaires","status":"publish","type":"page","link":"https:\/\/www.saulnes.fr\/?page_id=2804","title":{"rendered":"Scolaires"},"content":{"rendered":"<p>[et_pb_section fb_built=\u00a0\u00bb1&Prime; _builder_version=\u00a0\u00bb4.16&Prime; _module_preset=\u00a0\u00bbdefault\u00a0\u00bb global_colors_info=\u00a0\u00bb{}\u00a0\u00bb][et_pb_row _builder_version=\u00a0\u00bb4.16&Prime; _module_preset=\u00a0\u00bbdefault\u00a0\u00bb custom_margin=\u00a0\u00bb80px|auto||auto||\u00a0\u00bb custom_padding=\u00a0\u00bb||4px|||\u00a0\u00bb global_colors_info=\u00a0\u00bb{}\u00a0\u00bb][et_pb_column type=\u00a0\u00bb4_4&Prime; _builder_version=\u00a0\u00bb4.16&Prime; _module_preset=\u00a0\u00bbdefault\u00a0\u00bb global_colors_info=\u00a0\u00bb{}\u00a0\u00bb][et_pb_text _builder_version=\u00a0\u00bb4.27.2&Prime; _module_preset=\u00a0\u00bbdefault\u00a0\u00bb custom_margin=\u00a0\u00bb||-1px|||\u00a0\u00bb global_colors_info=\u00a0\u00bb{}\u00a0\u00bb]<\/p>\n<h1>Scolaires<\/h1>\n<p>[\/et_pb_text][et_pb_divider divider_weight=\u00a0\u00bb7px\u00a0\u00bb _builder_version=\u00a0\u00bb4.16&Prime; _module_preset=\u00a0\u00bbdefault\u00a0\u00bb global_colors_info=\u00a0\u00bb{}\u00a0\u00bb][\/et_pb_divider][\/et_pb_column][\/et_pb_row][et_pb_row _builder_version=\u00a0\u00bb4.27.2&Prime; _module_preset=\u00a0\u00bbdefault\u00a0\u00bb global_colors_info=\u00a0\u00bb{}\u00a0\u00bb][et_pb_column type=\u00a0\u00bb4_4&Prime; _builder_version=\u00a0\u00bb4.27.2&Prime; _module_preset=\u00a0\u00bbdefault\u00a0\u00bb global_colors_info=\u00a0\u00bb{}\u00a0\u00bb][et_pb_text _builder_version=\u00a0\u00bb4.27.4&Prime; _module_preset=\u00a0\u00bbdefault\u00a0\u00bb hover_enabled=\u00a0\u00bb0&Prime; global_colors_info=\u00a0\u00bb{}\u00a0\u00bb sticky_enabled=\u00a0\u00bb0&Prime;]<\/p>\n<h4>L\u2019inscription \u00e0 la cantine et au p\u00e9riscolaire se fait sur le portail famille\u00a0: <a href=\"https:\/\/saulnes.portail-familles.app\/\"><span style=\"color: #9acd32;\">saulnes.portail-familles.app<\/span><\/a><\/h4>\n<h4><\/h4>\n<h4>Inscription maternelle<\/h4>\n<p><span style=\"text-decoration: underline;\"><strong>Les inscriptions \u00e0 l\u2019\u00e9cole maternelle se font entre avril et mai \u00e0 l\u2019accueil de la Mairie.<\/strong><\/span><\/p>\n<p><strong>Pour proc\u00e9der \u00e0 la pr\u00e9-inscription de votre enfant pour la prochaine rentr\u00e9e scolaire de septembre il faut se rendre \u00e0 l\u2019accueil de la Mairie \u00a0aux alentours de mars avril (un post sur la page facebook de la ville sera fait pour annoncer les date d\u2019inscription) avec les documents suivant :<\/strong><br \/>&#8211; copie du livret de famille<br \/>&#8211; copie du carnet de sant\u00e9<br \/>&#8211; un justificatif de domicile de moins de 3 mois<\/p>\n<p><strong>Attention : Pour les enfants d\u00e9j\u00e0 scolaris\u00e9s dans une autre commune fran\u00e7aise et demandant \u00e0 \u00eatre scolaris\u00e9s \u00e0 Saulnes, un certificat de radiation \u00e9manant de l\u2019\u00e9cole d\u2019origine de l\u2019enfant est \u00e0 nous remettre.<br \/><\/strong><\/p>\n<h4>Cantine\/garderie &#8211; d\u00e9marches \u00e0 faire<\/h4>\n<p>&#8211; remplir le formulaire <a href=\"https:\/\/www.saulnes.fr\/wp-content\/uploads\/2024\/10\/Formulaire-cantine-garderie.pdf\"><strong>&#8211; t\u00e9l\u00e9charger le formulaire ici &#8211;<\/strong><\/a><br \/>&#8211; retourner les coupons dument sign\u00e9s les r\u00e8glements \u00e0 V\u00e9ronique ou Nathalie, responsables de la cantine\/garderie<\/p>\n<p>[\/et_pb_text][\/et_pb_column][\/et_pb_row][\/et_pb_section][et_pb_section fb_built=\u00a0\u00bb1&Prime; _builder_version=\u00a0\u00bb4.16&Prime; _module_preset=\u00a0\u00bbdefault\u00a0\u00bb background_color=\u00a0\u00bb#9ACD32&Prime; global_colors_info=\u00a0\u00bb{}\u00a0\u00bb][et_pb_row column_structure=\u00a0\u00bb1_3,1_3,1_3&Prime; _builder_version=\u00a0\u00bb4.16&Prime; _module_preset=\u00a0\u00bbdefault\u00a0\u00bb global_colors_info=\u00a0\u00bb{}\u00a0\u00bb][et_pb_column type=\u00a0\u00bb1_3&Prime; _builder_version=\u00a0\u00bb4.16&Prime; _module_preset=\u00a0\u00bbdefault\u00a0\u00bb global_colors_info=\u00a0\u00bb{}\u00a0\u00bb][et_pb_image src=\u00a0\u00bbhttps:\/\/www.saulnes.fr\/wp-content\/uploads\/2021\/02\/saulnes2021_logo.png\u00a0\u00bb title_text=\u00a0\u00bbsaulnes2021_logo\u00a0\u00bb align=\u00a0\u00bbright\u00a0\u00bb _builder_version=\u00a0\u00bb4.16&Prime; _module_preset=\u00a0\u00bbdefault\u00a0\u00bb max_height=\u00a0\u00bb152px\u00a0\u00bb global_colors_info=\u00a0\u00bb{}\u00a0\u00bb][\/et_pb_image][\/et_pb_column][et_pb_column type=\u00a0\u00bb1_3&Prime; _builder_version=\u00a0\u00bb4.16&Prime; _module_preset=\u00a0\u00bbdefault\u00a0\u00bb global_colors_info=\u00a0\u00bb{}\u00a0\u00bb][et_pb_text _builder_version=\u00a0\u00bb4.25.2&Prime; _module_preset=\u00a0\u00bbdefault\u00a0\u00bb global_colors_info=\u00a0\u00bb{}\u00a0\u00bb]<\/p>\n<h5><span style=\"color: #000000;\">Mairie de Saulnes<\/span><\/h5>\n<p><span class=\"LrzXr\" style=\"color: #000000;\">2 rue de Longwy 54650 Saulnes<\/span><\/p>\n<p><span style=\"color: #000000;\"><span class=\"LrzXr\"><span class=\"LrzXr zdqRlf kno-fv\"><span aria-label=\"Appeler le 03 82 24 33 01\" role=\"link\">T\u00e9l. : 03 82 24 33 01<br \/><\/span><\/span><\/span><span class=\"LrzXr\"><span class=\"LrzXr zdqRlf kno-fv\">Fax : 03 82 24 08 18<br \/>Courriel : <\/span><\/span><\/span><span class=\"LrzXr\" style=\"color: #020202;\"><span class=\"LrzXr zdqRlf kno-fv\">contact-mairie@saulnes.fr<\/span><\/span><span class=\"LrzXr\" style=\"color: #000000;\"><span class=\"LrzXr zdqRlf kno-fv\"><br \/><\/span><\/span><span class=\"LrzXr\" style=\"color: #000000;\"><span class=\"LrzXr zdqRlf kno-fv\">Etat-Civil &#8211; Urbanisme : etatcivil-urbanisme@saulnes.fr<\/span><\/span><\/p>\n<p>[\/et_pb_text][\/et_pb_column][et_pb_column type=\u00a0\u00bb1_3&Prime; _builder_version=\u00a0\u00bb4.16&Prime; _module_preset=\u00a0\u00bbdefault\u00a0\u00bb global_colors_info=\u00a0\u00bb{}\u00a0\u00bb][et_pb_text _builder_version=\u00a0\u00bb4.16&Prime; _module_preset=\u00a0\u00bbdefault\u00a0\u00bb global_colors_info=\u00a0\u00bb{}\u00a0\u00bb]<\/p>\n<h5><span style=\"color: #000000;\">Horaires d&rsquo;ouverture<\/span><br \/><span style=\"color: #000000;\"> de la mairie<\/span><\/h5>\n<p><span style=\"color: #000000;\">Lundi\u00a0 : 8h15 \u00e0 11h45 \u2013 14h \u00e0 17h30 <\/span><br \/><span style=\"color: #000000;\">Mardi \u00a0 : Ferm\u00e9 le matin \u2013 14h \u00e0 17h30<\/span><br \/><span style=\"color: #000000;\">Mercredi 8h15 \u00e0 11h45 \u2013 14h \u00e0 17h30<\/span><br \/><span style=\"color: #000000;\">Jeudi\u00a0 : 8h15 \u00e0 11h45 \u2013 14h \u00e0 17h30<\/span><br \/><span style=\"color: #000000;\">Vendredi\u00a0 :\u00a0 8h15 \u00e0 11h45 \u2013 Ferm\u00e9 l\u2019apr\u00e8s-midi<\/span><\/p>\n<p>[\/et_pb_text][\/et_pb_column][\/et_pb_row][\/et_pb_section]<\/p>\n","protected":false},"excerpt":{"rendered":"<p>ScolairesL\u2019inscription \u00e0 la cantine et au p\u00e9riscolaire se fait sur le portail famille\u00a0: saulnes.portail-familles.app Inscription maternelle Les inscriptions \u00e0 l\u2019\u00e9cole maternelle se font entre avril et mai \u00e0 l\u2019accueil de la Mairie. Pour proc\u00e9der \u00e0 la pr\u00e9-inscription de votre enfant pour la prochaine rentr\u00e9e scolaire de septembre il faut se rendre \u00e0 l\u2019accueil de la [&hellip;]<\/p>\n","protected":false},"author":1,"featured_media":0,"parent":0,"menu_order":0,"comment_status":"closed","ping_status":"closed","template":"","meta":{"_et_pb_use_builder":"on","_et_pb_old_content":"","_et_gb_content_width":"","footnotes":""},"class_list":["post-2804","page","type-page","status-publish","hentry"],"_links":{"self":[{"href":"https:\/\/www.saulnes.fr\/index.php?rest_route=\/wp\/v2\/pages\/2804","targetHints":{"allow":["GET"]}}],"collection":[{"href":"https:\/\/www.saulnes.fr\/index.php?rest_route=\/wp\/v2\/pages"}],"about":[{"href":"https:\/\/www.saulnes.fr\/index.php?rest_route=\/wp\/v2\/types\/page"}],"author":[{"embeddable":true,"href":"https:\/\/www.saulnes.fr\/index.php?rest_route=\/wp\/v2\/users\/1"}],"replies":[{"embeddable":true,"href":"https:\/\/www.saulnes.fr\/index.php?rest_route=%2Fwp%2Fv2%2Fcomments&post=2804"}],"version-history":[{"count":11,"href":"https:\/\/www.saulnes.fr\/index.php?rest_route=\/wp\/v2\/pages\/2804\/revisions"}],"predecessor-version":[{"id":3067,"href":"https:\/\/www.saulnes.fr\/index.php?rest_route=\/wp\/v2\/pages\/2804\/revisions\/3067"}],"wp:attachment":[{"href":"https:\/\/www.saulnes.fr\/index.php?rest_route=%2Fwp%2Fv2%2Fmedia&parent=2804"}],"curies":[{"name":"wp","href":"https:\/\/api.w.org\/{rel}","templated":true}]}}

<p>[et_pb_section fb_built= »1&Prime; _builder_version= »4.16&Prime; _module_preset= »default » global_colors_info= »{} »][et_pb_row _builder_version= »4.16&Prime; _module_preset= »default » custom_margin= »80px|auto||auto|| » custom_padding= »||4px||| » global_colors_info= »{} »][et_pb_column type= »4_4&Prime; _builder_version= »4.16&Prime; _module_preset= »default » global_colors_info= »{} »][et_pb_text _builder_version= »4.27.2&Prime; _module_preset= »default » custom_margin= »||-1px||| » global_colors_info= »{} »]</p>
<h1>Scolaires</h1>
<p>[/et_pb_text][et_pb_divider divider_weight= »7px » _builder_version= »4.16&Prime; _module_preset= »default » global_colors_info= »{} »][/et_pb_divider][/et_pb_column][/et_pb_row][et_pb_row _builder_version= »4.27.2&Prime; _module_preset= »default » global_colors_info= »{} »][et_pb_column type= »4_4&Prime; _builder_version= »4.27.2&Prime; _module_preset= »default » global_colors_info= »{} »][et_pb_text _builder_version= »4.27.4&Prime; _module_preset= »default » hover_enabled= »0&Prime; global_colors_info= »{} » sticky_enabled= »0&Prime;]</p>
<h4>L’inscription à la cantine et au périscolaire se fait sur le portail famille : <a href="https://saulnes.portail-familles.app/"><span style="color: #9acd32;">saulnes.portail-familles.app</span></a></h4>
<h4></h4>
<h4>Inscription maternelle</h4>
<p><span style="text-decoration: underline;"><strong>Les inscriptions à l’école maternelle se font entre avril et mai à l’accueil de la Mairie.</strong></span></p>
<p><strong>Pour procéder à la pré-inscription de votre enfant pour la prochaine rentrée scolaire de septembre il faut se rendre à l’accueil de la Mairie  aux alentours de mars avril (un post sur la page facebook de la ville sera fait pour annoncer les date d’inscription) avec les documents suivant :</strong><br />&#8211; copie du livret de famille<br />&#8211; copie du carnet de santé<br />&#8211; un justificatif de domicile de moins de 3 mois</p>
<p><strong>Attention : Pour les enfants déjà scolarisés dans une autre commune française et demandant à être scolarisés à Saulnes, un certificat de radiation émanant de l’école d’origine de l’enfant est à nous remettre.<br /></strong></p>
<h4>Cantine/garderie &#8211; démarches à faire</h4>
<p>&#8211; remplir le formulaire <a href="https://www.saulnes.fr/wp-content/uploads/2024/10/Formulaire-cantine-garderie.pdf"><strong>&#8211; télécharger le formulaire ici &#8211;</strong></a><br />&#8211; retourner les coupons dument signés les règlements à Véronique ou Nathalie, responsables de la cantine/garderie</p>
<p>[/et_pb_text][/et_pb_column][/et_pb_row][/et_pb_section][et_pb_section fb_built= »1&Prime; _builder_version= »4.16&Prime; _module_preset= »default » background_color= »#9ACD32&Prime; global_colors_info= »{} »][et_pb_row column_structure= »1_3,1_3,1_3&Prime; _builder_version= »4.16&Prime; _module_preset= »default » global_colors_info= »{} »][et_pb_column type= »1_3&Prime; _builder_version= »4.16&Prime; _module_preset= »default » global_colors_info= »{} »][et_pb_image src= »https://www.saulnes.fr/wp-content/uploads/2021/02/saulnes2021_logo.png » title_text= »saulnes2021_logo » align= »right » _builder_version= »4.16&Prime; _module_preset= »default » max_height= »152px » global_colors_info= »{} »][/et_pb_image][/et_pb_column][et_pb_column type= »1_3&Prime; _builder_version= »4.16&Prime; _module_preset= »default » global_colors_info= »{} »][et_pb_text _builder_version= »4.25.2&Prime; _module_preset= »default » global_colors_info= »{} »]</p>
<h5><span style="color: #000000;">Mairie de Saulnes</span></h5>
<p><span class="LrzXr" style="color: #000000;">2 rue de Longwy 54650 Saulnes</span></p>
<p><span style="color: #000000;"><span class="LrzXr"><span class="LrzXr zdqRlf kno-fv"><span aria-label="Appeler le 03 82 24 33 01" role="link">Tél. : 03 82 24 33 01<br /></span></span></span><span class="LrzXr"><span class="LrzXr zdqRlf kno-fv">Fax : 03 82 24 08 18<br />Courriel : </span></span></span><span class="LrzXr" style="color: #020202;"><span class="LrzXr zdqRlf kno-fv">contact-mairie@saulnes.fr</span></span><span class="LrzXr" style="color: #000000;"><span class="LrzXr zdqRlf kno-fv"><br /></span></span><span class="LrzXr" style="color: #000000;"><span class="LrzXr zdqRlf kno-fv">Etat-Civil &#8211; Urbanisme : etatcivil-urbanisme@saulnes.fr</span></span></p>
<p>[/et_pb_text][/et_pb_column][et_pb_column type= »1_3&Prime; _builder_version= »4.16&Prime; _module_preset= »default » global_colors_info= »{} »][et_pb_text _builder_version= »4.16&Prime; _module_preset= »default » global_colors_info= »{} »]</p>
<h5><span style="color: #000000;">Horaires d&rsquo;ouverture</span><br /><span style="color: #000000;"> de la mairie</span></h5>
<p><span style="color: #000000;">Lundi  : 8h15 à 11h45 – 14h à 17h30 </span><br /><span style="color: #000000;">Mardi   : Fermé le matin – 14h à 17h30</span><br /><span style="color: #000000;">Mercredi 8h15 à 11h45 – 14h à 17h30</span><br /><span style="color: #000000;">Jeudi  : 8h15 à 11h45 – 14h à 17h30</span><br /><span style="color: #000000;">Vendredi  :  8h15 à 11h45 – Fermé l’après-midi</span></p>
<p>[/et_pb_text][/et_pb_column][/et_pb_row][/et_pb_section]</p>

<p>ScolairesL’inscription à la cantine et au périscolaire se fait sur le portail famille : saulnes.portail-familles.app Inscription maternelle Les inscriptions à l’école maternelle se font entre avril et mai à l’accueil de la Mairie. Pour procéder à la pré-inscription de votre enfant pour la prochaine rentrée scolaire de septembre il faut se rendre à l’accueil de la [&hellip;]</p>
