{"id":2830,"date":"2024-10-03T09:04:45","date_gmt":"2024-10-03T08:04:45","guid":{"rendered":"https:\/\/www.saulnes.fr\/?page_id=2830"},"modified":"2025-09-11T13:28:08","modified_gmt":"2025-09-11T12:28:08","slug":"cimetiere","status":"publish","type":"page","link":"https:\/\/www.saulnes.fr\/?page_id=2830","title":{"rendered":"Cimeti\u00e8re"},"content":{"rendered":"<p>[et_pb_section fb_built=\u00a0\u00bb1&Prime; _builder_version=\u00a0\u00bb4.16&Prime; _module_preset=\u00a0\u00bbdefault\u00a0\u00bb global_colors_info=\u00a0\u00bb{}\u00a0\u00bb][et_pb_row _builder_version=\u00a0\u00bb4.16&Prime; _module_preset=\u00a0\u00bbdefault\u00a0\u00bb custom_margin=\u00a0\u00bb80px|auto||auto||\u00a0\u00bb custom_padding=\u00a0\u00bb||4px|||\u00a0\u00bb global_colors_info=\u00a0\u00bb{}\u00a0\u00bb][et_pb_column type=\u00a0\u00bb4_4&Prime; _builder_version=\u00a0\u00bb4.16&Prime; _module_preset=\u00a0\u00bbdefault\u00a0\u00bb global_colors_info=\u00a0\u00bb{}\u00a0\u00bb][et_pb_text _builder_version=\u00a0\u00bb4.27.2&Prime; _module_preset=\u00a0\u00bbdefault\u00a0\u00bb custom_margin=\u00a0\u00bb||-1px|||\u00a0\u00bb global_colors_info=\u00a0\u00bb{}\u00a0\u00bb]<\/p>\n<h1>Cimeti\u00e8re, colombarium, Jardin du souvenir<\/h1>\n<p>[\/et_pb_text][et_pb_divider divider_weight=\u00a0\u00bb7px\u00a0\u00bb _builder_version=\u00a0\u00bb4.16&Prime; _module_preset=\u00a0\u00bbdefault\u00a0\u00bb global_colors_info=\u00a0\u00bb{}\u00a0\u00bb][\/et_pb_divider][\/et_pb_column][\/et_pb_row][et_pb_row _builder_version=\u00a0\u00bb4.27.2&Prime; _module_preset=\u00a0\u00bbdefault\u00a0\u00bb global_colors_info=\u00a0\u00bb{}\u00a0\u00bb][et_pb_column type=\u00a0\u00bb4_4&Prime; _builder_version=\u00a0\u00bb4.27.2&Prime; _module_preset=\u00a0\u00bbdefault\u00a0\u00bb global_colors_info=\u00a0\u00bb{}\u00a0\u00bb][et_pb_text _builder_version=\u00a0\u00bb4.27.2&Prime; _module_preset=\u00a0\u00bbdefault\u00a0\u00bb global_colors_info=\u00a0\u00bb{}\u00a0\u00bb]<\/p>\n<h4>Pour l\u2019achat ou le renouvellement d\u2019une concession il faut faire la demande en Mairie<\/h4>\n<p>&#8211; le prix de <strong>vente<\/strong> des <strong>Concessions au Cimeti\u00e8re<\/strong>, pour une concession trentenaire, d\u2019une superficie de 2 m2 (1mx2), \u00e0 la somme de <strong>180 \u20ac<\/strong>,<br \/>&#8211; le prix de <strong>vente<\/strong> des <strong>emplacements au Columbarium,<\/strong> pour une dur\u00e9e de 30 ans, \u00e0 la somme de <strong>1200 \u20ac<\/strong>,<br \/>&#8211; le prix de <strong>renouvellement<\/strong> d\u2019un emplacement au <strong>Columbarium,<\/strong> pour une nouvelle dur\u00e9e de 30 ans, \u00e0 la somme de <strong>180 \u20ac<\/strong> (ce prix est divis\u00e9 par 2, c\u2019est-\u00e0-dire 120 \u20ac pour la Mairie et 60 \u20ac pour le CCAS),<br \/>&#8211; le prix de <strong>vente<\/strong> d\u2019une <strong>Cuve Fun\u00e9raire de 2 places<\/strong>, pour une Concession \u00e0 cr\u00e9er, \u00e0 la somme de <strong>1800 \u20ac<\/strong>,<br \/>&#8211; le prix de <strong>vente<\/strong> d\u2019une <strong>Cuve Fun\u00e9raire de 2 places<\/strong>, pour une Concession \u00e0 cr\u00e9er apr\u00e8s reprise et r\u00e9affectation, \u00e0 la somme de <strong>900 \u20ac<\/strong>,<br \/>&#8211; le prix de <strong>vente<\/strong> d\u2019une <strong>Cuve Fun\u00e9raire de 1 place<\/strong>, pour une Concession \u00e0 cr\u00e9er apr\u00e8s reprise et r\u00e9affectation, \u00e0 la somme de <strong>100 \u20ac<\/strong>.<\/p>\n<p>[\/et_pb_text][et_pb_image src=\u00a0\u00bbhttps:\/\/www.saulnes.fr\/wp-content\/uploads\/2025\/09\/Amenagement-cimetiere.jpeg\u00a0\u00bb _builder_version=\u00a0\u00bb4.27.4&Prime; _module_preset=\u00a0\u00bbdefault\u00a0\u00bb title_text=\u00a0\u00bbAme\u0301nagement cimetie\u0300re\u00a0\u00bb hover_enabled=\u00a0\u00bb0&Prime; sticky_enabled=\u00a0\u00bb0&Prime;][\/et_pb_image][\/et_pb_column][\/et_pb_row][\/et_pb_section]<\/p>\n","protected":false},"excerpt":{"rendered":"<p>Cimeti\u00e8re, colombarium, Jardin du souvenirPour l\u2019achat ou le renouvellement d\u2019une concession il faut faire la demande en Mairie &#8211; le prix de vente des Concessions au Cimeti\u00e8re, pour une concession trentenaire, d\u2019une superficie de 2 m2 (1mx2), \u00e0 la somme de 180 \u20ac,- le prix de vente des emplacements au Columbarium, pour une dur\u00e9e de [&hellip;]<\/p>\n","protected":false},"author":1,"featured_media":0,"parent":0,"menu_order":0,"comment_status":"closed","ping_status":"closed","template":"","meta":{"_et_pb_use_builder":"on","_et_pb_old_content":"","_et_gb_content_width":"","footnotes":""},"class_list":["post-2830","page","type-page","status-publish","hentry"],"_links":{"self":[{"href":"https:\/\/www.saulnes.fr\/index.php?rest_route=\/wp\/v2\/pages\/2830","targetHints":{"allow":["GET"]}}],"collection":[{"href":"https:\/\/www.saulnes.fr\/index.php?rest_route=\/wp\/v2\/pages"}],"about":[{"href":"https:\/\/www.saulnes.fr\/index.php?rest_route=\/wp\/v2\/types\/page"}],"author":[{"embeddable":true,"href":"https:\/\/www.saulnes.fr\/index.php?rest_route=\/wp\/v2\/users\/1"}],"replies":[{"embeddable":true,"href":"https:\/\/www.saulnes.fr\/index.php?rest_route=%2Fwp%2Fv2%2Fcomments&post=2830"}],"version-history":[{"count":6,"href":"https:\/\/www.saulnes.fr\/index.php?rest_route=\/wp\/v2\/pages\/2830\/revisions"}],"predecessor-version":[{"id":3031,"href":"https:\/\/www.saulnes.fr\/index.php?rest_route=\/wp\/v2\/pages\/2830\/revisions\/3031"}],"wp:attachment":[{"href":"https:\/\/www.saulnes.fr\/index.php?rest_route=%2Fwp%2Fv2%2Fmedia&parent=2830"}],"curies":[{"name":"wp","href":"https:\/\/api.w.org\/{rel}","templated":true}]}}

Cimetière

<p>[et_pb_section fb_built= »1&Prime; _builder_version= »4.16&Prime; _module_preset= »default » global_colors_info= »{} »][et_pb_row _builder_version= »4.16&Prime; _module_preset= »default » custom_margin= »80px|auto||auto|| » custom_padding= »||4px||| » global_colors_info= »{} »][et_pb_column type= »4_4&Prime; _builder_version= »4.16&Prime; _module_preset= »default » global_colors_info= »{} »][et_pb_text _builder_version= »4.27.2&Prime; _module_preset= »default » custom_margin= »||-1px||| » global_colors_info= »{} »]</p>
<h1>Cimetière, colombarium, Jardin du souvenir</h1>
<p>[/et_pb_text][et_pb_divider divider_weight= »7px » _builder_version= »4.16&Prime; _module_preset= »default » global_colors_info= »{} »][/et_pb_divider][/et_pb_column][/et_pb_row][et_pb_row _builder_version= »4.27.2&Prime; _module_preset= »default » global_colors_info= »{} »][et_pb_column type= »4_4&Prime; _builder_version= »4.27.2&Prime; _module_preset= »default » global_colors_info= »{} »][et_pb_text _builder_version= »4.27.2&Prime; _module_preset= »default » global_colors_info= »{} »]</p>
<h4>Pour l’achat ou le renouvellement d’une concession il faut faire la demande en Mairie</h4>
<p>&#8211; le prix de <strong>vente</strong> des <strong>Concessions au Cimetière</strong>, pour une concession trentenaire, d’une superficie de 2 m2 (1mx2), à la somme de <strong>180 €</strong>,<br />&#8211; le prix de <strong>vente</strong> des <strong>emplacements au Columbarium,</strong> pour une durée de 30 ans, à la somme de <strong>1200 €</strong>,<br />&#8211; le prix de <strong>renouvellement</strong> d’un emplacement au <strong>Columbarium,</strong> pour une nouvelle durée de 30 ans, à la somme de <strong>180 €</strong> (ce prix est divisé par 2, c’est-à-dire 120 € pour la Mairie et 60 € pour le CCAS),<br />&#8211; le prix de <strong>vente</strong> d’une <strong>Cuve Funéraire de 2 places</strong>, pour une Concession à créer, à la somme de <strong>1800 €</strong>,<br />&#8211; le prix de <strong>vente</strong> d’une <strong>Cuve Funéraire de 2 places</strong>, pour une Concession à créer après reprise et réaffectation, à la somme de <strong>900 €</strong>,<br />&#8211; le prix de <strong>vente</strong> d’une <strong>Cuve Funéraire de 1 place</strong>, pour une Concession à créer après reprise et réaffectation, à la somme de <strong>100 €</strong>.</p>
<p>[/et_pb_text][et_pb_image src= »https://www.saulnes.fr/wp-content/uploads/2025/09/Amenagement-cimetiere.jpeg » _builder_version= »4.27.4&Prime; _module_preset= »default » title_text= »Aménagement cimetière » hover_enabled= »0&Prime; sticky_enabled= »0&Prime;][/et_pb_image][/et_pb_column][/et_pb_row][/et_pb_section]</p>

<p>Cimetière, colombarium, Jardin du souvenirPour l’achat ou le renouvellement d’une concession il faut faire la demande en Mairie &#8211; le prix de vente des Concessions au Cimetière, pour une concession trentenaire, d’une superficie de 2 m2 (1mx2), à la somme de 180 €,- le prix de vente des emplacements au Columbarium, pour une durée de [&hellip;]</p>
