{"id":2885,"date":"2024-12-09T14:47:15","date_gmt":"2024-12-09T13:47:15","guid":{"rendered":"https:\/\/www.saulnes.fr\/?page_id=2885"},"modified":"2024-12-09T14:47:48","modified_gmt":"2024-12-09T13:47:48","slug":"petit-train-et-trains-speciaux","status":"publish","type":"page","link":"https:\/\/www.saulnes.fr\/?page_id=2885","title":{"rendered":"Petit train et trains sp\u00e9ciaux"},"content":{"rendered":"<p>[et_pb_section fb_built=\u00a0\u00bb1&Prime; _builder_version=\u00a0\u00bb4.16&Prime; _module_preset=\u00a0\u00bbdefault\u00a0\u00bb global_colors_info=\u00a0\u00bb{}\u00a0\u00bb theme_builder_area=\u00a0\u00bbpost_content\u00a0\u00bb][et_pb_row _builder_version=\u00a0\u00bb4.16&Prime; _module_preset=\u00a0\u00bbdefault\u00a0\u00bb custom_margin=\u00a0\u00bb80px|auto||auto||\u00a0\u00bb custom_padding=\u00a0\u00bb||4px|||\u00a0\u00bb global_colors_info=\u00a0\u00bb{}\u00a0\u00bb theme_builder_area=\u00a0\u00bbpost_content\u00a0\u00bb][et_pb_column type=\u00a0\u00bb4_4&Prime; _builder_version=\u00a0\u00bb4.16&Prime; _module_preset=\u00a0\u00bbdefault\u00a0\u00bb global_colors_info=\u00a0\u00bb{}\u00a0\u00bb theme_builder_area=\u00a0\u00bbpost_content\u00a0\u00bb][et_pb_text _builder_version=\u00a0\u00bb4.27.2&Prime; _module_preset=\u00a0\u00bbdefault\u00a0\u00bb custom_margin=\u00a0\u00bb||-1px|||\u00a0\u00bb global_colors_info=\u00a0\u00bb{}\u00a0\u00bb theme_builder_area=\u00a0\u00bbpost_content\u00a0\u00bb]<\/p>\n<h1>Petit train et trains sp\u00e9ciaux<\/h1>\n<p>[\/et_pb_text][et_pb_divider divider_weight=\u00a0\u00bb7px\u00a0\u00bb _builder_version=\u00a0\u00bb4.16&Prime; _module_preset=\u00a0\u00bbdefault\u00a0\u00bb global_colors_info=\u00a0\u00bb{}\u00a0\u00bb theme_builder_area=\u00a0\u00bbpost_content\u00a0\u00bb][\/et_pb_divider][et_pb_text _builder_version=\u00a0\u00bb4.27.4&Prime; _module_preset=\u00a0\u00bbdefault\u00a0\u00bb hover_enabled=\u00a0\u00bb0&Prime; global_colors_info=\u00a0\u00bb{}\u00a0\u00bb theme_builder_area=\u00a0\u00bbpost_content\u00a0\u00bb sticky_enabled=\u00a0\u00bb0&Prime; custom_margin=\u00a0\u00bb||0px|||\u00a0\u00bb custom_padding=\u00a0\u00bb||0px|||\u00a0\u00bb]<\/p>\n<h4><strong>Train de la mine<br \/><\/strong><\/h4>\n<hr \/>\n<p>&nbsp;<\/p>\n<p><strong><\/strong><\/p>\n<p>[\/et_pb_text][et_pb_image src=\u00a0\u00bbhttps:\/\/www.saulnes.fr\/wp-content\/uploads\/2024\/12\/TRAIN-DE-LA-MINE-1.png\u00a0\u00bb _builder_version=\u00a0\u00bb4.27.4&Prime; _module_preset=\u00a0\u00bbdefault\u00a0\u00bb theme_builder_area=\u00a0\u00bbpost_content\u00a0\u00bb title_text=\u00a0\u00bbTRAIN-DE-LA-MINE-1&Prime; hover_enabled=\u00a0\u00bb0&Prime; sticky_enabled=\u00a0\u00bb0&Prime; align=\u00a0\u00bbcenter\u00a0\u00bb force_fullwidth=\u00a0\u00bbon\u00a0\u00bb][\/et_pb_image][et_pb_text _builder_version=\u00a0\u00bb4.27.4&Prime; _module_preset=\u00a0\u00bbdefault\u00a0\u00bb hover_enabled=\u00a0\u00bb0&Prime; global_colors_info=\u00a0\u00bb{}\u00a0\u00bb theme_builder_area=\u00a0\u00bbpost_content\u00a0\u00bb sticky_enabled=\u00a0\u00bb0&Prime;]<\/p>\n<p><strong>A partir du mercredi 1er mai et jusqu\u2019au dimanche 29 septembre 2024, le train de la mine circulera tous les dimanches et jours f\u00e9ri\u00e9s.<br \/>Le d\u00e9part de Saulnes au pont des Vauziers vers le Fond-de-Gras se fera \u00e0 : 15h25.<br \/>Le d\u00e9part de Saulnes au pont des Vauziers vers Lasauvage se fera \u00e0 : 16h25.<br \/>Les d\u00e9parts de Lasauvage au Carreau de la Mine vers le Fond-de-Gras se feront \u00e0 : 16h00 et 17h00.<br \/>Le seul retour du Fond-de-Gras vers Saulnes se fera \u00e0 : 17h00.<\/strong><\/p>\n<p><strong><br \/>Prix aller-retour Fond-de-Gras adultes : 8 \u20ac<br \/>Prix aller-retour Fond-de-Gras enfants (5-11 ans) : 6 \u20ac<br \/>Gratuit pour les enfants jusqu\u2019\u00e0 4 ans.<\/strong><\/p>\n<p><strong><br \/>Prix aller-retour Lasauvage adultes : 3.50 \u20ac<br \/>Prix aller-retour Lasauvage enfants (5-11 ans) : 2.50 \u20ac<br \/>Gratuit pour les enfants jusqu\u2019\u00e0 4 ans.<\/strong><\/p>\n<p><strong>Tous les tickets sont payables sur place le jour du d\u00e9part.<\/strong><\/p>\n<p>&nbsp;<\/p>\n<p><strong><\/strong><\/p>\n<p>[\/et_pb_text][et_pb_text _builder_version=\u00a0\u00bb4.27.4&Prime; _module_preset=\u00a0\u00bbdefault\u00a0\u00bb hover_enabled=\u00a0\u00bb0&Prime; global_colors_info=\u00a0\u00bb{}\u00a0\u00bb theme_builder_area=\u00a0\u00bbpost_content\u00a0\u00bb sticky_enabled=\u00a0\u00bb0&Prime; custom_margin=\u00a0\u00bb||0px|||\u00a0\u00bb custom_padding=\u00a0\u00bb||0px|||\u00a0\u00bb]<\/p>\n<h4><strong>Train de la mine<br \/><\/strong><\/h4>\n<hr \/>\n<p>&nbsp;<\/p>\n<p><strong><\/strong><\/p>\n<p>[\/et_pb_text][et_pb_image src=\u00a0\u00bbhttps:\/\/www.saulnes.fr\/wp-content\/uploads\/2024\/12\/TRAINS-SPECIAUX-1.png\u00a0\u00bb _builder_version=\u00a0\u00bb4.27.4&Prime; _module_preset=\u00a0\u00bbdefault\u00a0\u00bb theme_builder_area=\u00a0\u00bbpost_content\u00a0\u00bb title_text=\u00a0\u00bbTRAINS-SPECIAUX-1&Prime; hover_enabled=\u00a0\u00bb0&Prime; sticky_enabled=\u00a0\u00bb0&Prime; align=\u00a0\u00bbcenter\u00a0\u00bb force_fullwidth=\u00a0\u00bbon\u00a0\u00bb][\/et_pb_image][et_pb_text _builder_version=\u00a0\u00bb4.27.4&Prime; _module_preset=\u00a0\u00bbdefault\u00a0\u00bb hover_enabled=\u00a0\u00bb0&Prime; global_colors_info=\u00a0\u00bb{}\u00a0\u00bb theme_builder_area=\u00a0\u00bbpost_content\u00a0\u00bb sticky_enabled=\u00a0\u00bb0&Prime;]<\/p>\n<p>Des trains circuleront exceptionnellement les dimanches 19 mai, 09 juin, 07 juillet, 08 septembre (portes ouvertes AMTF) et 29<br \/>septembre (\u00e9v\u00e8nement Steampunk).<\/p>\n<p>Le d\u00e9part de Saulnes au pont des Vauziers vers le Fond-de-Gras se fera \u00e0 : 11h30.<br \/>Le seul retour du Fond-de-Gras vers Saulnes se fera \u00e0 : 16h30.<br \/>Prix aller-retour Fond-de-Gras adultes : 8 \u20ac<br \/>Prix aller-retour Fond-de-Gras enfants (5-11 ans) : 6 \u20ac<br \/>Gratuit pour les enfants jusqu\u2019\u00e0 4 ans.<\/p>\n<p>La r\u00e9servation et l\u2019inscription se font \u00e0 l\u2019accueil de la mairie ou au 03 82 24 33 01 ou par mail mairie.saulnes@wanadoo.fr<br \/>Il est conseill\u00e9 de r\u00e9server le restaurant \u00ab Bei der Giedel \u00bb +352 24 55 87 92 pour le repas du midi ou de pr\u00e9voir un pique-nique.<\/p>\n<p><strong><\/strong><\/p>\n<p>[\/et_pb_text][\/et_pb_column][\/et_pb_row][\/et_pb_section]<\/p>\n","protected":false},"excerpt":{"rendered":"<p>Petit train et trains sp\u00e9ciauxTrain de la mine &nbsp; A partir du mercredi 1er mai et jusqu\u2019au dimanche 29 septembre 2024, le train de la mine circulera tous les dimanches et jours f\u00e9ri\u00e9s.Le d\u00e9part de Saulnes au pont des Vauziers vers le Fond-de-Gras se fera \u00e0 : 15h25.Le d\u00e9part de Saulnes au pont des Vauziers [&hellip;]<\/p>\n","protected":false},"author":1,"featured_media":0,"parent":0,"menu_order":0,"comment_status":"closed","ping_status":"closed","template":"","meta":{"_et_pb_use_builder":"on","_et_pb_old_content":"","_et_gb_content_width":"","footnotes":""},"class_list":["post-2885","page","type-page","status-publish","hentry"],"_links":{"self":[{"href":"https:\/\/www.saulnes.fr\/index.php?rest_route=\/wp\/v2\/pages\/2885","targetHints":{"allow":["GET"]}}],"collection":[{"href":"https:\/\/www.saulnes.fr\/index.php?rest_route=\/wp\/v2\/pages"}],"about":[{"href":"https:\/\/www.saulnes.fr\/index.php?rest_route=\/wp\/v2\/types\/page"}],"author":[{"embeddable":true,"href":"https:\/\/www.saulnes.fr\/index.php?rest_route=\/wp\/v2\/users\/1"}],"replies":[{"embeddable":true,"href":"https:\/\/www.saulnes.fr\/index.php?rest_route=%2Fwp%2Fv2%2Fcomments&post=2885"}],"version-history":[{"count":4,"href":"https:\/\/www.saulnes.fr\/index.php?rest_route=\/wp\/v2\/pages\/2885\/revisions"}],"predecessor-version":[{"id":2894,"href":"https:\/\/www.saulnes.fr\/index.php?rest_route=\/wp\/v2\/pages\/2885\/revisions\/2894"}],"wp:attachment":[{"href":"https:\/\/www.saulnes.fr\/index.php?rest_route=%2Fwp%2Fv2%2Fmedia&parent=2885"}],"curies":[{"name":"wp","href":"https:\/\/api.w.org\/{rel}","templated":true}]}}

Petit train et trains spéciaux

<p>[et_pb_section fb_built= »1&Prime; _builder_version= »4.16&Prime; _module_preset= »default » global_colors_info= »{} » theme_builder_area= »post_content »][et_pb_row _builder_version= »4.16&Prime; _module_preset= »default » custom_margin= »80px|auto||auto|| » custom_padding= »||4px||| » global_colors_info= »{} » theme_builder_area= »post_content »][et_pb_column type= »4_4&Prime; _builder_version= »4.16&Prime; _module_preset= »default » global_colors_info= »{} » theme_builder_area= »post_content »][et_pb_text _builder_version= »4.27.2&Prime; _module_preset= »default » custom_margin= »||-1px||| » global_colors_info= »{} » theme_builder_area= »post_content »]</p>
<h1>Petit train et trains spéciaux</h1>
<p>[/et_pb_text][et_pb_divider divider_weight= »7px » _builder_version= »4.16&Prime; _module_preset= »default » global_colors_info= »{} » theme_builder_area= »post_content »][/et_pb_divider][et_pb_text _builder_version= »4.27.4&Prime; _module_preset= »default » hover_enabled= »0&Prime; global_colors_info= »{} » theme_builder_area= »post_content » sticky_enabled= »0&Prime; custom_margin= »||0px||| » custom_padding= »||0px||| »]</p>
<h4><strong>Train de la mine<br /></strong></h4>
<hr />
<p>&nbsp;</p>
<p><strong></strong></p>
<p>[/et_pb_text][et_pb_image src= »https://www.saulnes.fr/wp-content/uploads/2024/12/TRAIN-DE-LA-MINE-1.png » _builder_version= »4.27.4&Prime; _module_preset= »default » theme_builder_area= »post_content » title_text= »TRAIN-DE-LA-MINE-1&Prime; hover_enabled= »0&Prime; sticky_enabled= »0&Prime; align= »center » force_fullwidth= »on »][/et_pb_image][et_pb_text _builder_version= »4.27.4&Prime; _module_preset= »default » hover_enabled= »0&Prime; global_colors_info= »{} » theme_builder_area= »post_content » sticky_enabled= »0&Prime;]</p>
<p><strong>A partir du mercredi 1er mai et jusqu’au dimanche 29 septembre 2024, le train de la mine circulera tous les dimanches et jours fériés.<br />Le départ de Saulnes au pont des Vauziers vers le Fond-de-Gras se fera à : 15h25.<br />Le départ de Saulnes au pont des Vauziers vers Lasauvage se fera à : 16h25.<br />Les départs de Lasauvage au Carreau de la Mine vers le Fond-de-Gras se feront à : 16h00 et 17h00.<br />Le seul retour du Fond-de-Gras vers Saulnes se fera à : 17h00.</strong></p>
<p><strong><br />Prix aller-retour Fond-de-Gras adultes : 8 €<br />Prix aller-retour Fond-de-Gras enfants (5-11 ans) : 6 €<br />Gratuit pour les enfants jusqu’à 4 ans.</strong></p>
<p><strong><br />Prix aller-retour Lasauvage adultes : 3.50 €<br />Prix aller-retour Lasauvage enfants (5-11 ans) : 2.50 €<br />Gratuit pour les enfants jusqu’à 4 ans.</strong></p>
<p><strong>Tous les tickets sont payables sur place le jour du départ.</strong></p>
<p>&nbsp;</p>
<p><strong></strong></p>
<p>[/et_pb_text][et_pb_text _builder_version= »4.27.4&Prime; _module_preset= »default » hover_enabled= »0&Prime; global_colors_info= »{} » theme_builder_area= »post_content » sticky_enabled= »0&Prime; custom_margin= »||0px||| » custom_padding= »||0px||| »]</p>
<h4><strong>Train de la mine<br /></strong></h4>
<hr />
<p>&nbsp;</p>
<p><strong></strong></p>
<p>[/et_pb_text][et_pb_image src= »https://www.saulnes.fr/wp-content/uploads/2024/12/TRAINS-SPECIAUX-1.png » _builder_version= »4.27.4&Prime; _module_preset= »default » theme_builder_area= »post_content » title_text= »TRAINS-SPECIAUX-1&Prime; hover_enabled= »0&Prime; sticky_enabled= »0&Prime; align= »center » force_fullwidth= »on »][/et_pb_image][et_pb_text _builder_version= »4.27.4&Prime; _module_preset= »default » hover_enabled= »0&Prime; global_colors_info= »{} » theme_builder_area= »post_content » sticky_enabled= »0&Prime;]</p>
<p>Des trains circuleront exceptionnellement les dimanches 19 mai, 09 juin, 07 juillet, 08 septembre (portes ouvertes AMTF) et 29<br />septembre (évènement Steampunk).</p>
<p>Le départ de Saulnes au pont des Vauziers vers le Fond-de-Gras se fera à : 11h30.<br />Le seul retour du Fond-de-Gras vers Saulnes se fera à : 16h30.<br />Prix aller-retour Fond-de-Gras adultes : 8 €<br />Prix aller-retour Fond-de-Gras enfants (5-11 ans) : 6 €<br />Gratuit pour les enfants jusqu’à 4 ans.</p>
<p>La réservation et l’inscription se font à l’accueil de la mairie ou au 03 82 24 33 01 ou par mail mairie.saulnes@wanadoo.fr<br />Il est conseillé de réserver le restaurant « Bei der Giedel » +352 24 55 87 92 pour le repas du midi ou de prévoir un pique-nique.</p>
<p><strong></strong></p>
<p>[/et_pb_text][/et_pb_column][/et_pb_row][/et_pb_section]</p>

<p>Petit train et trains spéciauxTrain de la mine &nbsp; A partir du mercredi 1er mai et jusqu’au dimanche 29 septembre 2024, le train de la mine circulera tous les dimanches et jours fériés.Le départ de Saulnes au pont des Vauziers vers le Fond-de-Gras se fera à : 15h25.Le départ de Saulnes au pont des Vauziers [&hellip;]</p>
