{"id":2907,"date":"2024-12-09T14:59:52","date_gmt":"2024-12-09T13:59:52","guid":{"rendered":"https:\/\/www.saulnes.fr\/?page_id=2907"},"modified":"2025-09-11T13:35:01","modified_gmt":"2025-09-11T12:35:01","slug":"velos-electriques","status":"publish","type":"page","link":"https:\/\/www.saulnes.fr\/?page_id=2907","title":{"rendered":"V\u00e9los \u00e9lectriques"},"content":{"rendered":"<p>[et_pb_section fb_built=\u00a0\u00bb1&Prime; _builder_version=\u00a0\u00bb4.16&Prime; _module_preset=\u00a0\u00bbdefault\u00a0\u00bb global_colors_info=\u00a0\u00bb{}\u00a0\u00bb][et_pb_row _builder_version=\u00a0\u00bb4.16&Prime; _module_preset=\u00a0\u00bbdefault\u00a0\u00bb custom_margin=\u00a0\u00bb0px|auto||auto||\u00a0\u00bb custom_padding=\u00a0\u00bb||4px|||\u00a0\u00bb global_colors_info=\u00a0\u00bb{}\u00a0\u00bb][et_pb_column type=\u00a0\u00bb4_4&Prime; _builder_version=\u00a0\u00bb4.16&Prime; _module_preset=\u00a0\u00bbdefault\u00a0\u00bb global_colors_info=\u00a0\u00bb{}\u00a0\u00bb][et_pb_text _builder_version=\u00a0\u00bb4.27.2&Prime; _module_preset=\u00a0\u00bbdefault\u00a0\u00bb custom_margin=\u00a0\u00bb||-1px|||\u00a0\u00bb global_colors_info=\u00a0\u00bb{}\u00a0\u00bb]<\/p>\n<h1>V\u00e9los avec assistance \u00e9lectrique<\/h1>\n<p>[\/et_pb_text][et_pb_divider divider_weight=\u00a0\u00bb7px\u00a0\u00bb _builder_version=\u00a0\u00bb4.16&Prime; _module_preset=\u00a0\u00bbdefault\u00a0\u00bb global_colors_info=\u00a0\u00bb{}\u00a0\u00bb][\/et_pb_divider][et_pb_text _builder_version=\u00a0\u00bb4.27.4&Prime; _module_preset=\u00a0\u00bbdefault\u00a0\u00bb global_colors_info=\u00a0\u00bb{}\u00a0\u00bb]<\/p>\n<p style=\"text-align: justify;\">Dans le cadre de la programmation \u00ab Saulnes vers la Transition 2030 \u00bb et afin de favoriser la mobilit\u00e9 douce, la Commission \u00ab Petits gestes pour l\u2019environnement \u00bb compos\u00e9e d\u2019\u00e9lus, d\u2019administr\u00e9s et d\u2019agents communaux, a propos\u00e9 d\u2019octroyer une aide financi\u00e8re incitative destin\u00e9e aux habitants de Saulnes qui souhaitent acqu\u00e9rir un v\u00e9lo \u00e0 assistance \u00e9lectrique (VAE).<\/p>\n<p style=\"text-align: justify;\">\u00c0 partir du 1er Mai 2021, la Commune de Saulnes accorde une aide de 20 % sur l\u2019achat d\u2019un v\u00e9lo \u00e0 assistance \u00e9lectrique (aide plafonn\u00e9e \u00e0 200 \u20ac) sans condition de ressources.<\/p>\n<p style=\"text-align: justify;\">Le versement de la participation communale se fera par mandat administratif, dans la limite des cr\u00e9dits inscrits annuellement au Budget Principal de la Commune.<\/p>\n<p style=\"text-align: justify;\"><strong>Chaque administr\u00e9 \u00e9ligible ne pourra b\u00e9n\u00e9ficier de cette participation qu\u2019une seule fois<\/strong>.<\/p>\n<p style=\"text-align: center;\"><a href=\"https:\/\/www.saulnes.fr\/wp-content\/uploads\/2025\/09\/Aide-achat-un-velo-a-assistance-electrique.pdf\"><strong>T\u00e9l\u00e9charger le formulaire de demande d&rsquo;aide<\/strong><\/a><\/p>\n<p>[\/et_pb_text][et_pb_text _builder_version=\u00a0\u00bb4.27.4&Prime; _module_preset=\u00a0\u00bbdefault\u00a0\u00bb custom_margin=\u00a0\u00bb||-1px|||\u00a0\u00bb global_colors_info=\u00a0\u00bb{}\u00a0\u00bb]<\/p>\n<h2>Vertuose V\u00e9lo libre-service \u00e0 assistance \u00e9lectrique<\/h2>\n<p>[\/et_pb_text][et_pb_divider divider_weight=\u00a0\u00bb7px\u00a0\u00bb _builder_version=\u00a0\u00bb4.16&Prime; _module_preset=\u00a0\u00bbdefault\u00a0\u00bb global_colors_info=\u00a0\u00bb{}\u00a0\u00bb][\/et_pb_divider][et_pb_image src=\u00a0\u00bbhttps:\/\/www.saulnes.fr\/wp-content\/uploads\/2024\/12\/vertuose1.png\u00a0\u00bb title_text=\u00a0\u00bbvertuose1&Prime; align=\u00a0\u00bbcenter\u00a0\u00bb force_fullwidth=\u00a0\u00bbon\u00a0\u00bb _builder_version=\u00a0\u00bb4.27.4&Prime; _module_preset=\u00a0\u00bbdefault\u00a0\u00bb global_colors_info=\u00a0\u00bb{}\u00a0\u00bb][\/et_pb_image][et_pb_image src=\u00a0\u00bbhttps:\/\/www.saulnes.fr\/wp-content\/uploads\/2024\/12\/vertuose2.png\u00a0\u00bb title_text=\u00a0\u00bbvertuose2&Prime; align=\u00a0\u00bbcenter\u00a0\u00bb force_fullwidth=\u00a0\u00bbon\u00a0\u00bb _builder_version=\u00a0\u00bb4.27.4&Prime; _module_preset=\u00a0\u00bbdefault\u00a0\u00bb global_colors_info=\u00a0\u00bb{}\u00a0\u00bb][\/et_pb_image][\/et_pb_column][\/et_pb_row][\/et_pb_section][et_pb_section fb_built=\u00a0\u00bb1&Prime; _builder_version=\u00a0\u00bb4.16&Prime; _module_preset=\u00a0\u00bbdefault\u00a0\u00bb background_color=\u00a0\u00bb#9ACD32&Prime; global_colors_info=\u00a0\u00bb{}\u00a0\u00bb][et_pb_row column_structure=\u00a0\u00bb1_3,1_3,1_3&Prime; _builder_version=\u00a0\u00bb4.16&Prime; _module_preset=\u00a0\u00bbdefault\u00a0\u00bb global_colors_info=\u00a0\u00bb{}\u00a0\u00bb][et_pb_column type=\u00a0\u00bb1_3&Prime; _builder_version=\u00a0\u00bb4.16&Prime; _module_preset=\u00a0\u00bbdefault\u00a0\u00bb global_colors_info=\u00a0\u00bb{}\u00a0\u00bb][et_pb_image src=\u00a0\u00bbhttps:\/\/www.saulnes.fr\/wp-content\/uploads\/2021\/02\/saulnes2021_logo.png\u00a0\u00bb title_text=\u00a0\u00bbsaulnes2021_logo\u00a0\u00bb align=\u00a0\u00bbright\u00a0\u00bb _builder_version=\u00a0\u00bb4.16&Prime; _module_preset=\u00a0\u00bbdefault\u00a0\u00bb max_height=\u00a0\u00bb152px\u00a0\u00bb global_colors_info=\u00a0\u00bb{}\u00a0\u00bb][\/et_pb_image][\/et_pb_column][et_pb_column type=\u00a0\u00bb1_3&Prime; _builder_version=\u00a0\u00bb4.16&Prime; _module_preset=\u00a0\u00bbdefault\u00a0\u00bb global_colors_info=\u00a0\u00bb{}\u00a0\u00bb][et_pb_text _builder_version=\u00a0\u00bb4.25.2&Prime; _module_preset=\u00a0\u00bbdefault\u00a0\u00bb global_colors_info=\u00a0\u00bb{}\u00a0\u00bb]<\/p>\n<h5><span style=\"color: #000000;\">Mairie de Saulnes<\/span><\/h5>\n<p><span class=\"LrzXr\" style=\"color: #000000;\">2 rue de Longwy 54650 Saulnes<\/span><\/p>\n<p><span style=\"color: #000000;\"><span class=\"LrzXr\"><span class=\"LrzXr zdqRlf kno-fv\"><span aria-label=\"Appeler le 03 82 24 33 01\" role=\"link\">T\u00e9l. : 03 82 24 33 01<br \/><\/span><\/span><\/span><span class=\"LrzXr\"><span class=\"LrzXr zdqRlf kno-fv\">Fax : 03 82 24 08 18<br \/>Courriel : <\/span><\/span><\/span><span class=\"LrzXr\" style=\"color: #020202;\"><span class=\"LrzXr zdqRlf kno-fv\">contact-mairie@saulnes.fr<\/span><\/span><span class=\"LrzXr\" style=\"color: #000000;\"><span class=\"LrzXr zdqRlf kno-fv\"><br \/><\/span><\/span><span class=\"LrzXr\" style=\"color: #000000;\"><span class=\"LrzXr zdqRlf kno-fv\">Etat-Civil &#8211; Urbanisme : etatcivil-urbanisme@saulnes.fr<\/span><\/span><\/p>\n<p>[\/et_pb_text][\/et_pb_column][et_pb_column type=\u00a0\u00bb1_3&Prime; _builder_version=\u00a0\u00bb4.16&Prime; _module_preset=\u00a0\u00bbdefault\u00a0\u00bb global_colors_info=\u00a0\u00bb{}\u00a0\u00bb][et_pb_text _builder_version=\u00a0\u00bb4.16&Prime; _module_preset=\u00a0\u00bbdefault\u00a0\u00bb global_colors_info=\u00a0\u00bb{}\u00a0\u00bb]<\/p>\n<h5><span style=\"color: #000000;\">Horaires d&rsquo;ouverture<\/span><br \/><span style=\"color: #000000;\"> de la mairie<\/span><\/h5>\n<p><span style=\"color: #000000;\">Lundi\u00a0 : 8h15 \u00e0 11h45 \u2013 14h \u00e0 17h30 <\/span><br \/><span style=\"color: #000000;\">Mardi \u00a0 : Ferm\u00e9 le matin \u2013 14h \u00e0 17h30<\/span><br \/><span style=\"color: #000000;\">Mercredi 8h15 \u00e0 11h45 \u2013 14h \u00e0 17h30<\/span><br \/><span style=\"color: #000000;\">Jeudi\u00a0 : 8h15 \u00e0 11h45 \u2013 14h \u00e0 17h30<\/span><br \/><span style=\"color: #000000;\">Vendredi\u00a0 :\u00a0 8h15 \u00e0 11h45 \u2013 Ferm\u00e9 l\u2019apr\u00e8s-midi<\/span><\/p>\n<p>[\/et_pb_text][\/et_pb_column][\/et_pb_row][\/et_pb_section]<\/p>\n","protected":false},"excerpt":{"rendered":"<p>V\u00e9los avec assistance \u00e9lectriqueDans le cadre de la programmation \u00ab Saulnes vers la Transition 2030 \u00bb et afin de favoriser la mobilit\u00e9 douce, la Commission \u00ab Petits gestes pour l\u2019environnement \u00bb compos\u00e9e d\u2019\u00e9lus, d\u2019administr\u00e9s et d\u2019agents communaux, a propos\u00e9 d\u2019octroyer une aide financi\u00e8re incitative destin\u00e9e aux habitants de Saulnes qui souhaitent acqu\u00e9rir un v\u00e9lo \u00e0 [&hellip;]<\/p>\n","protected":false},"author":1,"featured_media":0,"parent":0,"menu_order":0,"comment_status":"closed","ping_status":"closed","template":"","meta":{"_et_pb_use_builder":"on","_et_pb_old_content":"","_et_gb_content_width":"","footnotes":""},"class_list":["post-2907","page","type-page","status-publish","hentry"],"_links":{"self":[{"href":"https:\/\/www.saulnes.fr\/index.php?rest_route=\/wp\/v2\/pages\/2907","targetHints":{"allow":["GET"]}}],"collection":[{"href":"https:\/\/www.saulnes.fr\/index.php?rest_route=\/wp\/v2\/pages"}],"about":[{"href":"https:\/\/www.saulnes.fr\/index.php?rest_route=\/wp\/v2\/types\/page"}],"author":[{"embeddable":true,"href":"https:\/\/www.saulnes.fr\/index.php?rest_route=\/wp\/v2\/users\/1"}],"replies":[{"embeddable":true,"href":"https:\/\/www.saulnes.fr\/index.php?rest_route=%2Fwp%2Fv2%2Fcomments&post=2907"}],"version-history":[{"count":5,"href":"https:\/\/www.saulnes.fr\/index.php?rest_route=\/wp\/v2\/pages\/2907\/revisions"}],"predecessor-version":[{"id":3041,"href":"https:\/\/www.saulnes.fr\/index.php?rest_route=\/wp\/v2\/pages\/2907\/revisions\/3041"}],"wp:attachment":[{"href":"https:\/\/www.saulnes.fr\/index.php?rest_route=%2Fwp%2Fv2%2Fmedia&parent=2907"}],"curies":[{"name":"wp","href":"https:\/\/api.w.org\/{rel}","templated":true}]}}

Vélos électriques

<p>[et_pb_section fb_built= »1&Prime; _builder_version= »4.16&Prime; _module_preset= »default » global_colors_info= »{} »][et_pb_row _builder_version= »4.16&Prime; _module_preset= »default » custom_margin= »0px|auto||auto|| » custom_padding= »||4px||| » global_colors_info= »{} »][et_pb_column type= »4_4&Prime; _builder_version= »4.16&Prime; _module_preset= »default » global_colors_info= »{} »][et_pb_text _builder_version= »4.27.2&Prime; _module_preset= »default » custom_margin= »||-1px||| » global_colors_info= »{} »]</p>
<h1>Vélos avec assistance électrique</h1>
<p>[/et_pb_text][et_pb_divider divider_weight= »7px » _builder_version= »4.16&Prime; _module_preset= »default » global_colors_info= »{} »][/et_pb_divider][et_pb_text _builder_version= »4.27.4&Prime; _module_preset= »default » global_colors_info= »{} »]</p>
<p style="text-align: justify;">Dans le cadre de la programmation « Saulnes vers la Transition 2030 » et afin de favoriser la mobilité douce, la Commission « Petits gestes pour l’environnement » composée d’élus, d’administrés et d’agents communaux, a proposé d’octroyer une aide financière incitative destinée aux habitants de Saulnes qui souhaitent acquérir un vélo à assistance électrique (VAE).</p>
<p style="text-align: justify;">À partir du 1er Mai 2021, la Commune de Saulnes accorde une aide de 20 % sur l’achat d’un vélo à assistance électrique (aide plafonnée à 200 €) sans condition de ressources.</p>
<p style="text-align: justify;">Le versement de la participation communale se fera par mandat administratif, dans la limite des crédits inscrits annuellement au Budget Principal de la Commune.</p>
<p style="text-align: justify;"><strong>Chaque administré éligible ne pourra bénéficier de cette participation qu’une seule fois</strong>.</p>
<p style="text-align: center;"><a href="https://www.saulnes.fr/wp-content/uploads/2025/09/Aide-achat-un-velo-a-assistance-electrique.pdf"><strong>Télécharger le formulaire de demande d&rsquo;aide</strong></a></p>
<p>[/et_pb_text][et_pb_text _builder_version= »4.27.4&Prime; _module_preset= »default » custom_margin= »||-1px||| » global_colors_info= »{} »]</p>
<h2>Vertuose Vélo libre-service à assistance électrique</h2>
<p>[/et_pb_text][et_pb_divider divider_weight= »7px » _builder_version= »4.16&Prime; _module_preset= »default » global_colors_info= »{} »][/et_pb_divider][et_pb_image src= »https://www.saulnes.fr/wp-content/uploads/2024/12/vertuose1.png » title_text= »vertuose1&Prime; align= »center » force_fullwidth= »on » _builder_version= »4.27.4&Prime; _module_preset= »default » global_colors_info= »{} »][/et_pb_image][et_pb_image src= »https://www.saulnes.fr/wp-content/uploads/2024/12/vertuose2.png » title_text= »vertuose2&Prime; align= »center » force_fullwidth= »on » _builder_version= »4.27.4&Prime; _module_preset= »default » global_colors_info= »{} »][/et_pb_image][/et_pb_column][/et_pb_row][/et_pb_section][et_pb_section fb_built= »1&Prime; _builder_version= »4.16&Prime; _module_preset= »default » background_color= »#9ACD32&Prime; global_colors_info= »{} »][et_pb_row column_structure= »1_3,1_3,1_3&Prime; _builder_version= »4.16&Prime; _module_preset= »default » global_colors_info= »{} »][et_pb_column type= »1_3&Prime; _builder_version= »4.16&Prime; _module_preset= »default » global_colors_info= »{} »][et_pb_image src= »https://www.saulnes.fr/wp-content/uploads/2021/02/saulnes2021_logo.png » title_text= »saulnes2021_logo » align= »right » _builder_version= »4.16&Prime; _module_preset= »default » max_height= »152px » global_colors_info= »{} »][/et_pb_image][/et_pb_column][et_pb_column type= »1_3&Prime; _builder_version= »4.16&Prime; _module_preset= »default » global_colors_info= »{} »][et_pb_text _builder_version= »4.25.2&Prime; _module_preset= »default » global_colors_info= »{} »]</p>
<h5><span style="color: #000000;">Mairie de Saulnes</span></h5>
<p><span class="LrzXr" style="color: #000000;">2 rue de Longwy 54650 Saulnes</span></p>
<p><span style="color: #000000;"><span class="LrzXr"><span class="LrzXr zdqRlf kno-fv"><span aria-label="Appeler le 03 82 24 33 01" role="link">Tél. : 03 82 24 33 01<br /></span></span></span><span class="LrzXr"><span class="LrzXr zdqRlf kno-fv">Fax : 03 82 24 08 18<br />Courriel : </span></span></span><span class="LrzXr" style="color: #020202;"><span class="LrzXr zdqRlf kno-fv">contact-mairie@saulnes.fr</span></span><span class="LrzXr" style="color: #000000;"><span class="LrzXr zdqRlf kno-fv"><br /></span></span><span class="LrzXr" style="color: #000000;"><span class="LrzXr zdqRlf kno-fv">Etat-Civil &#8211; Urbanisme : etatcivil-urbanisme@saulnes.fr</span></span></p>
<p>[/et_pb_text][/et_pb_column][et_pb_column type= »1_3&Prime; _builder_version= »4.16&Prime; _module_preset= »default » global_colors_info= »{} »][et_pb_text _builder_version= »4.16&Prime; _module_preset= »default » global_colors_info= »{} »]</p>
<h5><span style="color: #000000;">Horaires d&rsquo;ouverture</span><br /><span style="color: #000000;"> de la mairie</span></h5>
<p><span style="color: #000000;">Lundi  : 8h15 à 11h45 – 14h à 17h30 </span><br /><span style="color: #000000;">Mardi   : Fermé le matin – 14h à 17h30</span><br /><span style="color: #000000;">Mercredi 8h15 à 11h45 – 14h à 17h30</span><br /><span style="color: #000000;">Jeudi  : 8h15 à 11h45 – 14h à 17h30</span><br /><span style="color: #000000;">Vendredi  :  8h15 à 11h45 – Fermé l’après-midi</span></p>
<p>[/et_pb_text][/et_pb_column][/et_pb_row][/et_pb_section]</p>

<p>Vélos avec assistance électriqueDans le cadre de la programmation « Saulnes vers la Transition 2030 » et afin de favoriser la mobilité douce, la Commission « Petits gestes pour l’environnement » composée d’élus, d’administrés et d’agents communaux, a proposé d’octroyer une aide financière incitative destinée aux habitants de Saulnes qui souhaitent acquérir un vélo à [&hellip;]</p>
