{"id":2926,"date":"2025-01-21T13:11:57","date_gmt":"2025-01-21T12:11:57","guid":{"rendered":"https:\/\/www.saulnes.fr\/?page_id=2926"},"modified":"2025-09-11T15:13:58","modified_gmt":"2025-09-11T14:13:58","slug":"eglise-saint-jean-baptiste","status":"publish","type":"page","link":"https:\/\/www.saulnes.fr\/?page_id=2926","title":{"rendered":"Eglise Saint-Jean Baptiste"},"content":{"rendered":"<p>[et_pb_section fb_built=\u00a0\u00bb1&Prime; _builder_version=\u00a0\u00bb4.16&Prime; _module_preset=\u00a0\u00bbdefault\u00a0\u00bb global_colors_info=\u00a0\u00bb{}\u00a0\u00bb][et_pb_row _builder_version=\u00a0\u00bb4.16&Prime; _module_preset=\u00a0\u00bbdefault\u00a0\u00bb custom_margin=\u00a0\u00bb0px|auto||auto||\u00a0\u00bb custom_padding=\u00a0\u00bb||4px|||\u00a0\u00bb global_colors_info=\u00a0\u00bb{}\u00a0\u00bb][et_pb_column type=\u00a0\u00bb4_4&Prime; _builder_version=\u00a0\u00bb4.16&Prime; _module_preset=\u00a0\u00bbdefault\u00a0\u00bb global_colors_info=\u00a0\u00bb{}\u00a0\u00bb][et_pb_text _builder_version=\u00a0\u00bb4.27.2&Prime; _module_preset=\u00a0\u00bbdefault\u00a0\u00bb custom_margin=\u00a0\u00bb||-1px|||\u00a0\u00bb global_colors_info=\u00a0\u00bb{}\u00a0\u00bb]<\/p>\n<h1>Eglise Saint Jean Baptiste<\/h1>\n<p>[\/et_pb_text][et_pb_divider divider_weight=\u00a0\u00bb7px\u00a0\u00bb _builder_version=\u00a0\u00bb4.16&Prime; _module_preset=\u00a0\u00bbdefault\u00a0\u00bb global_colors_info=\u00a0\u00bb{}\u00a0\u00bb][\/et_pb_divider][et_pb_gallery _builder_version=\u00a0\u00bb4.27.4&Prime; _module_preset=\u00a0\u00bbdefault\u00a0\u00bb gallery_ids=\u00a0\u00bb3126,3127,3128,3129,3130,3131,3132,3133,3134&Prime; fullwidth=\u00a0\u00bbon\u00a0\u00bb auto=\u00a0\u00bbon\u00a0\u00bb auto_speed=\u00a0\u00bb3000&Prime; hover_enabled=\u00a0\u00bb0&Prime; sticky_enabled=\u00a0\u00bb0&Prime;][\/et_pb_gallery][et_pb_text _builder_version=\u00a0\u00bb4.27.4&Prime; _module_preset=\u00a0\u00bbdefault\u00a0\u00bb global_colors_info=\u00a0\u00bb{}\u00a0\u00bb]<\/p>\n<h4>Regroupement des \u00e9glises de Saulnes, Herserange et Longlaville<\/h4>\n<p><strong>T\u00e9l\u00e9phone\u00a0:<\/strong> 03.82.24.31.88<br \/><strong>Permanences\u00a0:<\/strong> La permanence est assur\u00e9e les mercredis de 14h \u00e0 16h\u00a0 au 18 avenue de Longwy \u00e0 LONGLAVILLE<br \/><strong>Mail\u00a0:<\/strong> <a href=\"mailto:paroisse-pierreetpaul@orange.fr\">paroisse-pierreetpaul@orange.fr<\/a><br \/><strong>Site internet\u00a0:<\/strong> <a href=\"https:\/\/www.catholique-nancy.fr\/sites\/les-apotres-pierre-et-paul\/\">www.catholique-nancy.fr<\/a><\/p>\n<p>&nbsp;<\/p>\n<table cellspacing=\"0\" cellpadding=\"0\" style=\"border-collapse: collapse;\">\n<tbody>\n<tr>\n<td valign=\"middle\" style=\"width: 96.0px; height: 13.0px; background-color: #000000; border-style: solid; border-width: 1.0px; border-color: #000000 #000000 #535353 #000000; padding: 4.0px 4.0px 4.0px 4.0px;\">\n<p align=\"center\" style=\"margin: 0.0px 0.0px 8.0px 0.0px; text-align: center;\"><span style=\"font: 11.0px Helvetica; font-variant-ligatures: common-ligatures; color: #ffffff; font-family: Helvetica; font-size: medium;\"><b>DATES<\/b><\/span><\/p>\n<\/td>\n<td valign=\"middle\" style=\"width: 113.0px; height: 13.0px; background-color: #000000; border-style: solid; border-width: 1.0px; border-color: #000000 #000000 #535353 #000000; padding: 4.0px 4.0px 4.0px 4.0px;\">\n<p style=\"margin: 0.0px 0.0px 0.0px 0.0px; font: 12.0px Helvetica; min-height: 14.0px;\">\n<\/td>\n<td valign=\"middle\" style=\"width: 97.0px; height: 13.0px; background-color: #000000; border-style: solid; border-width: 1.0px; border-color: #000000 #000000 #535353 #000000; padding: 4.0px 4.0px 4.0px 4.0px;\">\n<p align=\"center\" style=\"margin: 0.0px 0.0px 0.0px 0.0px; text-align: center;\"><span style=\"font: 11.0px Helvetica; font-variant-ligatures: common-ligatures; color: #ffffff; font-family: Helvetica; font-size: medium;\"><b>LIEUX<\/b><\/span><\/p>\n<\/td>\n<td valign=\"middle\" style=\"width: 62.0px; height: 13.0px; background-color: #000000; border-style: solid; border-width: 1.0px; border-color: #000000 #000000 #535353 #000000; padding: 4.0px 4.0px 4.0px 4.0px;\">\n<p align=\"center\" style=\"margin: 0.0px 0.0px 0.0px 0.0px; text-align: center;\"><span style=\"font: 11.0px Helvetica; font-variant-ligatures: common-ligatures; color: #ffffff; font-family: Helvetica; font-size: medium;\"><b>HORAIRES<\/b><\/span><\/p>\n<\/td>\n<\/tr>\n<tr>\n<td valign=\"middle\" style=\"width: 96.0px; height: 25.0px; background-color: #c1c1c1; padding: 4.0px 4.0px 4.0px 4.0px; border: 1.0px solid #535353;\">\n<p align=\"center\" style=\"margin: 0.0px 0.0px 0.0px 0.0px; text-align: center;\"><span style=\"font: 11.0px Helvetica; font-variant-ligatures: common-ligatures; color: #000000; font-family: Helvetica; font-size: medium;\"><b>Tous les jeudis<\/b><\/span><\/p>\n<\/td>\n<td valign=\"middle\" style=\"width: 113.0px; height: 25.0px; background-color: #c1c1c1; padding: 4.0px 4.0px 4.0px 4.0px; border: 1.0px solid #535353;\">\n<p align=\"center\" style=\"margin: 0.0px 0.0px 0.0px 0.0px; text-align: center;\"><span style=\"font: 11.0px Helvetica; font-variant-ligatures: common-ligatures; color: #000000; font-family: Helvetica; font-size: medium;\">Messe du march\u00e9<\/span><\/p>\n<\/td>\n<td valign=\"middle\" style=\"width: 97.0px; height: 25.0px; background-color: #c1c1c1; padding: 4.0px 4.0px 4.0px 4.0px; border: 1.0px solid #535353;\">\n<p align=\"center\" style=\"margin: 0.0px 0.0px 0.0px 0.0px; text-align: center;\"><span style=\"font: 11.0px Helvetica; font-variant-ligatures: common-ligatures; color: #000000; font-family: Helvetica; font-size: medium;\">\u00c9glise St Dagobert Longwy<\/span><\/p>\n<\/td>\n<td valign=\"middle\" style=\"width: 62.0px; height: 25.0px; background-color: #c1c1c1; padding: 4.0px 4.0px 4.0px 4.0px; border: 1.0px solid #535353;\">\n<p align=\"center\" style=\"margin: 0.0px 0.0px 0.0px 0.0px; text-align: center;\"><span style=\"font: 11.0px Helvetica; font-variant-ligatures: common-ligatures; color: #000000; font-family: Helvetica; font-size: medium;\">10h15<\/span><\/p>\n<\/td>\n<\/tr>\n<tr>\n<td valign=\"middle\" style=\"width: 96.0px; height: 26.0px; padding: 4.0px 4.0px 4.0px 4.0px; border: 1.0px solid #535353;\">\n<p align=\"center\" style=\"margin: 0.0px 0.0px 0.0px 0.0px; text-align: center;\"><span style=\"font: 11.0px Helvetica; font-variant-ligatures: common-ligatures; color: #000000; font-family: Helvetica; font-size: medium;\"><b>Tous les mercredis<\/b><\/span><\/p>\n<\/td>\n<td valign=\"middle\" style=\"width: 113.0px; height: 26.0px; padding: 4.0px 4.0px 4.0px 4.0px; border: 1.0px solid #535353;\">\n<p align=\"center\" style=\"margin: 0.0px 0.0px 0.0px 0.0px; text-align: center;\"><span style=\"font: 11.0px Helvetica; font-variant-ligatures: common-ligatures; color: #000000; font-family: Helvetica; font-size: medium;\">Messe de la semaine<\/span><\/p>\n<\/td>\n<td valign=\"middle\" style=\"width: 97.0px; height: 26.0px; padding: 4.0px 4.0px 4.0px 4.0px; border: 1.0px solid #535353;\">\n<p align=\"center\" style=\"margin: 0.0px 0.0px 0.0px 0.0px; text-align: center;\"><span style=\"font: 11.0px Helvetica; font-variant-ligatures: common-ligatures; color: #000000; font-family: Helvetica; font-size: medium;\">Mission Italienne<\/span><\/p>\n<\/td>\n<td valign=\"middle\" style=\"width: 62.0px; height: 26.0px; padding: 4.0px 4.0px 4.0px 4.0px; border: 1.0px solid #535353;\">\n<p align=\"center\" style=\"margin: 0.0px 0.0px 0.0px 0.0px; text-align: center;\"><span style=\"font: 11.0px Helvetica; font-variant-ligatures: common-ligatures; color: #000000; font-family: Helvetica; font-size: medium;\">16h00<\/span><\/p>\n<\/td>\n<\/tr>\n<tr>\n<td valign=\"middle\" style=\"width: 96.0px; height: 25.0px; background-color: #c1c1c1; padding: 4.0px 4.0px 4.0px 4.0px; border: 1.0px solid #535353;\">\n<p align=\"center\" style=\"margin: 0.0px 0.0px 0.0px 0.0px; text-align: center;\"><span style=\"font: 11.0px Helvetica; font-variant-ligatures: common-ligatures; color: #000000; font-family: Helvetica; font-size: medium;\"><b>Tous les Dimanches<\/b><\/span><\/p>\n<\/td>\n<td valign=\"middle\" style=\"width: 113.0px; height: 25.0px; background-color: #c1c1c1; padding: 4.0px 4.0px 4.0px 4.0px; border: 1.0px solid #535353;\">\n<p align=\"center\" style=\"margin: 0.0px 0.0px 0.0px 0.0px; text-align: center;\"><span style=\"font: 11.0px Helvetica; font-variant-ligatures: common-ligatures; color: #000000; font-family: Helvetica; font-size: medium;\">Pri\u00e8re du Chapelet<\/span><\/p>\n<\/td>\n<td valign=\"middle\" style=\"width: 97.0px; height: 25.0px; background-color: #c1c1c1; padding: 4.0px 4.0px 4.0px 4.0px; border: 1.0px solid #535353;\">\n<p align=\"center\" style=\"margin: 0.0px 0.0px 0.0px 0.0px; text-align: center;\"><span style=\"font: 11.0px Helvetica; font-variant-ligatures: common-ligatures; color: #000000; font-family: Helvetica; font-size: medium;\">\u00c9glise St Dagobert Longwy<\/span><\/p>\n<\/td>\n<td valign=\"middle\" style=\"width: 62.0px; height: 25.0px; background-color: #c1c1c1; padding: 4.0px 4.0px 4.0px 4.0px; border: 1.0px solid #535353;\">\n<p align=\"center\" style=\"margin: 0.0px 0.0px 0.0px 0.0px; text-align: center;\"><span style=\"font: 11.0px Helvetica; font-variant-ligatures: common-ligatures; color: #000000; font-family: Helvetica; font-size: medium;\">17h00<\/span><\/p>\n<\/td>\n<\/tr>\n<\/tbody>\n<\/table>\n<p>[\/et_pb_text][\/et_pb_column][\/et_pb_row][\/et_pb_section]<\/p>\n","protected":false},"excerpt":{"rendered":"<p>Eglise Saint Jean BaptisteRegroupement des \u00e9glises de Saulnes, Herserange et Longlaville T\u00e9l\u00e9phone\u00a0: 03.82.24.31.88Permanences\u00a0: La permanence est assur\u00e9e les mercredis de 14h \u00e0 16h\u00a0 au 18 avenue de Longwy \u00e0 LONGLAVILLEMail\u00a0: paroisse-pierreetpaul@orange.frSite internet\u00a0: www.catholique-nancy.fr &nbsp; DATES LIEUX HORAIRES Tous les jeudis Messe du march\u00e9 \u00c9glise St Dagobert Longwy 10h15 Tous les mercredis Messe de la semaine [&hellip;]<\/p>\n","protected":false},"author":1,"featured_media":0,"parent":0,"menu_order":0,"comment_status":"closed","ping_status":"closed","template":"","meta":{"_et_pb_use_builder":"on","_et_pb_old_content":"<!-- wp:divi\/placeholder \/-->","_et_gb_content_width":"","footnotes":""},"class_list":["post-2926","page","type-page","status-publish","hentry"],"_links":{"self":[{"href":"https:\/\/www.saulnes.fr\/index.php?rest_route=\/wp\/v2\/pages\/2926","targetHints":{"allow":["GET"]}}],"collection":[{"href":"https:\/\/www.saulnes.fr\/index.php?rest_route=\/wp\/v2\/pages"}],"about":[{"href":"https:\/\/www.saulnes.fr\/index.php?rest_route=\/wp\/v2\/types\/page"}],"author":[{"embeddable":true,"href":"https:\/\/www.saulnes.fr\/index.php?rest_route=\/wp\/v2\/users\/1"}],"replies":[{"embeddable":true,"href":"https:\/\/www.saulnes.fr\/index.php?rest_route=%2Fwp%2Fv2%2Fcomments&post=2926"}],"version-history":[{"count":5,"href":"https:\/\/www.saulnes.fr\/index.php?rest_route=\/wp\/v2\/pages\/2926\/revisions"}],"predecessor-version":[{"id":3135,"href":"https:\/\/www.saulnes.fr\/index.php?rest_route=\/wp\/v2\/pages\/2926\/revisions\/3135"}],"wp:attachment":[{"href":"https:\/\/www.saulnes.fr\/index.php?rest_route=%2Fwp%2Fv2%2Fmedia&parent=2926"}],"curies":[{"name":"wp","href":"https:\/\/api.w.org\/{rel}","templated":true}]}}

<p>[et_pb_section fb_built= »1&Prime; _builder_version= »4.16&Prime; _module_preset= »default » global_colors_info= »{} »][et_pb_row _builder_version= »4.16&Prime; _module_preset= »default » custom_margin= »0px|auto||auto|| » custom_padding= »||4px||| » global_colors_info= »{} »][et_pb_column type= »4_4&Prime; _builder_version= »4.16&Prime; _module_preset= »default » global_colors_info= »{} »][et_pb_text _builder_version= »4.27.2&Prime; _module_preset= »default » custom_margin= »||-1px||| » global_colors_info= »{} »]</p>
<h1>Eglise Saint Jean Baptiste</h1>
<p>[/et_pb_text][et_pb_divider divider_weight= »7px » _builder_version= »4.16&Prime; _module_preset= »default » global_colors_info= »{} »][/et_pb_divider][et_pb_gallery _builder_version= »4.27.4&Prime; _module_preset= »default » gallery_ids= »3126,3127,3128,3129,3130,3131,3132,3133,3134&Prime; fullwidth= »on » auto= »on » auto_speed= »3000&Prime; hover_enabled= »0&Prime; sticky_enabled= »0&Prime;][/et_pb_gallery][et_pb_text _builder_version= »4.27.4&Prime; _module_preset= »default » global_colors_info= »{} »]</p>
<h4>Regroupement des églises de Saulnes, Herserange et Longlaville</h4>
<p><strong>Téléphone :</strong> 03.82.24.31.88<br /><strong>Permanences :</strong> La permanence est assurée les mercredis de 14h à 16h  au 18 avenue de Longwy à LONGLAVILLE<br /><strong>Mail :</strong> <a href="mailto:paroisse-pierreetpaul@orange.fr">paroisse-pierreetpaul@orange.fr</a><br /><strong>Site internet :</strong> <a href="https://www.catholique-nancy.fr/sites/les-apotres-pierre-et-paul/">www.catholique-nancy.fr</a></p>
<p>&nbsp;</p>
<table cellspacing="0" cellpadding="0" style="border-collapse: collapse;">
<tbody>
<tr>
<td valign="middle" style="width: 96.0px; height: 13.0px; background-color: #000000; border-style: solid; border-width: 1.0px; border-color: #000000 #000000 #535353 #000000; padding: 4.0px 4.0px 4.0px 4.0px;">
<p align="center" style="margin: 0.0px 0.0px 8.0px 0.0px; text-align: center;"><span style="font: 11.0px Helvetica; font-variant-ligatures: common-ligatures; color: #ffffff; font-family: Helvetica; font-size: medium;"><b>DATES</b></span></p>
</td>
<td valign="middle" style="width: 113.0px; height: 13.0px; background-color: #000000; border-style: solid; border-width: 1.0px; border-color: #000000 #000000 #535353 #000000; padding: 4.0px 4.0px 4.0px 4.0px;">
<p style="margin: 0.0px 0.0px 0.0px 0.0px; font: 12.0px Helvetica; min-height: 14.0px;">
</td>
<td valign="middle" style="width: 97.0px; height: 13.0px; background-color: #000000; border-style: solid; border-width: 1.0px; border-color: #000000 #000000 #535353 #000000; padding: 4.0px 4.0px 4.0px 4.0px;">
<p align="center" style="margin: 0.0px 0.0px 0.0px 0.0px; text-align: center;"><span style="font: 11.0px Helvetica; font-variant-ligatures: common-ligatures; color: #ffffff; font-family: Helvetica; font-size: medium;"><b>LIEUX</b></span></p>
</td>
<td valign="middle" style="width: 62.0px; height: 13.0px; background-color: #000000; border-style: solid; border-width: 1.0px; border-color: #000000 #000000 #535353 #000000; padding: 4.0px 4.0px 4.0px 4.0px;">
<p align="center" style="margin: 0.0px 0.0px 0.0px 0.0px; text-align: center;"><span style="font: 11.0px Helvetica; font-variant-ligatures: common-ligatures; color: #ffffff; font-family: Helvetica; font-size: medium;"><b>HORAIRES</b></span></p>
</td>
</tr>
<tr>
<td valign="middle" style="width: 96.0px; height: 25.0px; background-color: #c1c1c1; padding: 4.0px 4.0px 4.0px 4.0px; border: 1.0px solid #535353;">
<p align="center" style="margin: 0.0px 0.0px 0.0px 0.0px; text-align: center;"><span style="font: 11.0px Helvetica; font-variant-ligatures: common-ligatures; color: #000000; font-family: Helvetica; font-size: medium;"><b>Tous les jeudis</b></span></p>
</td>
<td valign="middle" style="width: 113.0px; height: 25.0px; background-color: #c1c1c1; padding: 4.0px 4.0px 4.0px 4.0px; border: 1.0px solid #535353;">
<p align="center" style="margin: 0.0px 0.0px 0.0px 0.0px; text-align: center;"><span style="font: 11.0px Helvetica; font-variant-ligatures: common-ligatures; color: #000000; font-family: Helvetica; font-size: medium;">Messe du marché</span></p>
</td>
<td valign="middle" style="width: 97.0px; height: 25.0px; background-color: #c1c1c1; padding: 4.0px 4.0px 4.0px 4.0px; border: 1.0px solid #535353;">
<p align="center" style="margin: 0.0px 0.0px 0.0px 0.0px; text-align: center;"><span style="font: 11.0px Helvetica; font-variant-ligatures: common-ligatures; color: #000000; font-family: Helvetica; font-size: medium;">Église St Dagobert Longwy</span></p>
</td>
<td valign="middle" style="width: 62.0px; height: 25.0px; background-color: #c1c1c1; padding: 4.0px 4.0px 4.0px 4.0px; border: 1.0px solid #535353;">
<p align="center" style="margin: 0.0px 0.0px 0.0px 0.0px; text-align: center;"><span style="font: 11.0px Helvetica; font-variant-ligatures: common-ligatures; color: #000000; font-family: Helvetica; font-size: medium;">10h15</span></p>
</td>
</tr>
<tr>
<td valign="middle" style="width: 96.0px; height: 26.0px; padding: 4.0px 4.0px 4.0px 4.0px; border: 1.0px solid #535353;">
<p align="center" style="margin: 0.0px 0.0px 0.0px 0.0px; text-align: center;"><span style="font: 11.0px Helvetica; font-variant-ligatures: common-ligatures; color: #000000; font-family: Helvetica; font-size: medium;"><b>Tous les mercredis</b></span></p>
</td>
<td valign="middle" style="width: 113.0px; height: 26.0px; padding: 4.0px 4.0px 4.0px 4.0px; border: 1.0px solid #535353;">
<p align="center" style="margin: 0.0px 0.0px 0.0px 0.0px; text-align: center;"><span style="font: 11.0px Helvetica; font-variant-ligatures: common-ligatures; color: #000000; font-family: Helvetica; font-size: medium;">Messe de la semaine</span></p>
</td>
<td valign="middle" style="width: 97.0px; height: 26.0px; padding: 4.0px 4.0px 4.0px 4.0px; border: 1.0px solid #535353;">
<p align="center" style="margin: 0.0px 0.0px 0.0px 0.0px; text-align: center;"><span style="font: 11.0px Helvetica; font-variant-ligatures: common-ligatures; color: #000000; font-family: Helvetica; font-size: medium;">Mission Italienne</span></p>
</td>
<td valign="middle" style="width: 62.0px; height: 26.0px; padding: 4.0px 4.0px 4.0px 4.0px; border: 1.0px solid #535353;">
<p align="center" style="margin: 0.0px 0.0px 0.0px 0.0px; text-align: center;"><span style="font: 11.0px Helvetica; font-variant-ligatures: common-ligatures; color: #000000; font-family: Helvetica; font-size: medium;">16h00</span></p>
</td>
</tr>
<tr>
<td valign="middle" style="width: 96.0px; height: 25.0px; background-color: #c1c1c1; padding: 4.0px 4.0px 4.0px 4.0px; border: 1.0px solid #535353;">
<p align="center" style="margin: 0.0px 0.0px 0.0px 0.0px; text-align: center;"><span style="font: 11.0px Helvetica; font-variant-ligatures: common-ligatures; color: #000000; font-family: Helvetica; font-size: medium;"><b>Tous les Dimanches</b></span></p>
</td>
<td valign="middle" style="width: 113.0px; height: 25.0px; background-color: #c1c1c1; padding: 4.0px 4.0px 4.0px 4.0px; border: 1.0px solid #535353;">
<p align="center" style="margin: 0.0px 0.0px 0.0px 0.0px; text-align: center;"><span style="font: 11.0px Helvetica; font-variant-ligatures: common-ligatures; color: #000000; font-family: Helvetica; font-size: medium;">Prière du Chapelet</span></p>
</td>
<td valign="middle" style="width: 97.0px; height: 25.0px; background-color: #c1c1c1; padding: 4.0px 4.0px 4.0px 4.0px; border: 1.0px solid #535353;">
<p align="center" style="margin: 0.0px 0.0px 0.0px 0.0px; text-align: center;"><span style="font: 11.0px Helvetica; font-variant-ligatures: common-ligatures; color: #000000; font-family: Helvetica; font-size: medium;">Église St Dagobert Longwy</span></p>
</td>
<td valign="middle" style="width: 62.0px; height: 25.0px; background-color: #c1c1c1; padding: 4.0px 4.0px 4.0px 4.0px; border: 1.0px solid #535353;">
<p align="center" style="margin: 0.0px 0.0px 0.0px 0.0px; text-align: center;"><span style="font: 11.0px Helvetica; font-variant-ligatures: common-ligatures; color: #000000; font-family: Helvetica; font-size: medium;">17h00</span></p>
</td>
</tr>
</tbody>
</table>
<p>[/et_pb_text][/et_pb_column][/et_pb_row][/et_pb_section]</p>

<p>Eglise Saint Jean BaptisteRegroupement des églises de Saulnes, Herserange et Longlaville Téléphone : 03.82.24.31.88Permanences : La permanence est assurée les mercredis de 14h à 16h  au 18 avenue de Longwy à LONGLAVILLEMail : paroisse-pierreetpaul@orange.frSite internet : www.catholique-nancy.fr &nbsp; DATES LIEUX HORAIRES Tous les jeudis Messe du marché Église St Dagobert Longwy 10h15 Tous les mercredis Messe de la semaine [&hellip;]</p>
