{"id":2930,"date":"2025-01-21T13:12:52","date_gmt":"2025-01-21T12:12:52","guid":{"rendered":"https:\/\/www.saulnes.fr\/?page_id=2930"},"modified":"2025-09-11T15:10:57","modified_gmt":"2025-09-11T14:10:57","slug":"musees","status":"publish","type":"page","link":"https:\/\/www.saulnes.fr\/?page_id=2930","title":{"rendered":"Mus\u00e9es"},"content":{"rendered":"<p>[et_pb_section fb_built=\u00a0\u00bb1&Prime; _builder_version=\u00a0\u00bb4.16&Prime; _module_preset=\u00a0\u00bbdefault\u00a0\u00bb global_colors_info=\u00a0\u00bb{}\u00a0\u00bb][et_pb_row _builder_version=\u00a0\u00bb4.16&Prime; _module_preset=\u00a0\u00bbdefault\u00a0\u00bb custom_margin=\u00a0\u00bb0px|auto||auto||\u00a0\u00bb custom_padding=\u00a0\u00bb||4px|||\u00a0\u00bb global_colors_info=\u00a0\u00bb{}\u00a0\u00bb][et_pb_column type=\u00a0\u00bb4_4&Prime; _builder_version=\u00a0\u00bb4.16&Prime; _module_preset=\u00a0\u00bbdefault\u00a0\u00bb global_colors_info=\u00a0\u00bb{}\u00a0\u00bb][et_pb_text _builder_version=\u00a0\u00bb4.27.2&Prime; _module_preset=\u00a0\u00bbdefault\u00a0\u00bb custom_margin=\u00a0\u00bb||-1px|||\u00a0\u00bb global_colors_info=\u00a0\u00bb{}\u00a0\u00bb]<\/p>\n<h1>Mus\u00e9es de Saulnes<\/h1>\n<p>[\/et_pb_text][et_pb_divider divider_weight=\u00a0\u00bb7px\u00a0\u00bb _builder_version=\u00a0\u00bb4.16&Prime; _module_preset=\u00a0\u00bbdefault\u00a0\u00bb global_colors_info=\u00a0\u00bb{}\u00a0\u00bb][\/et_pb_divider][et_pb_gallery _builder_version=\u00a0\u00bb4.27.4&Prime; _module_preset=\u00a0\u00bbdefault\u00a0\u00bb gallery_ids=\u00a0\u00bb3119,3120,3121,3122,3123&Prime; fullwidth=\u00a0\u00bbon\u00a0\u00bb auto=\u00a0\u00bbon\u00a0\u00bb auto_speed=\u00a0\u00bb3000&Prime; hover_enabled=\u00a0\u00bb0&Prime; sticky_enabled=\u00a0\u00bb0&Prime;][\/et_pb_gallery][et_pb_text _builder_version=\u00a0\u00bb4.27.4&Prime; _module_preset=\u00a0\u00bbdefault\u00a0\u00bb global_colors_info=\u00a0\u00bb{}\u00a0\u00bb]<\/p>\n<h3>Mus\u00e9e 1900\u00a0: ouverture sur demande pour des visites en groupe<\/h3>\n<p>Dans une ancienne salle de classe, exposition du mat\u00e9riel des ann\u00e9es 20, 30 et 40. Vous pourrez, entre autres, y admirer des anciens bureaux d&rsquo;\u00e9coliers, ardoises, tableaux, armoires, gommes&#8230;. Possibilit\u00e9 d&rsquo;\u00e9crire \u00e0 la plume.<\/p>\n<h3>Mus\u00e9e du mat\u00e9riel de la photographie\u00a0: ouverture sur demande pour des visites en groupe<\/h3>\n<p>Le mus\u00e9e de la Photographie se compose de plusieurs salles qui regroupent du mat\u00e9riel de cin\u00e9ma amateur, des appareils photos, du mat\u00e9riel de laboratoire en studio et bien d&rsquo;autres \u00e9l\u00e9ments. Le mus\u00e9e abrite plus de 620 appareils photos, du mat\u00e9riel de laboratoire, de studio et de cin\u00e9ma.<\/p>\n<p>[\/et_pb_text][\/et_pb_column][\/et_pb_row][\/et_pb_section]<\/p>\n","protected":false},"excerpt":{"rendered":"<p>Mus\u00e9es de SaulnesMus\u00e9e 1900\u00a0: ouverture sur demande pour des visites en groupe Dans une ancienne salle de classe, exposition du mat\u00e9riel des ann\u00e9es 20, 30 et 40. Vous pourrez, entre autres, y admirer des anciens bureaux d&rsquo;\u00e9coliers, ardoises, tableaux, armoires, gommes&#8230;. Possibilit\u00e9 d&rsquo;\u00e9crire \u00e0 la plume. Mus\u00e9e du mat\u00e9riel de la photographie\u00a0: ouverture sur demande [&hellip;]<\/p>\n","protected":false},"author":1,"featured_media":0,"parent":0,"menu_order":0,"comment_status":"closed","ping_status":"closed","template":"","meta":{"_et_pb_use_builder":"on","_et_pb_old_content":"<!-- wp:divi\/placeholder \/-->","_et_gb_content_width":"","footnotes":""},"class_list":["post-2930","page","type-page","status-publish","hentry"],"_links":{"self":[{"href":"https:\/\/www.saulnes.fr\/index.php?rest_route=\/wp\/v2\/pages\/2930","targetHints":{"allow":["GET"]}}],"collection":[{"href":"https:\/\/www.saulnes.fr\/index.php?rest_route=\/wp\/v2\/pages"}],"about":[{"href":"https:\/\/www.saulnes.fr\/index.php?rest_route=\/wp\/v2\/types\/page"}],"author":[{"embeddable":true,"href":"https:\/\/www.saulnes.fr\/index.php?rest_route=\/wp\/v2\/users\/1"}],"replies":[{"embeddable":true,"href":"https:\/\/www.saulnes.fr\/index.php?rest_route=%2Fwp%2Fv2%2Fcomments&post=2930"}],"version-history":[{"count":4,"href":"https:\/\/www.saulnes.fr\/index.php?rest_route=\/wp\/v2\/pages\/2930\/revisions"}],"predecessor-version":[{"id":3124,"href":"https:\/\/www.saulnes.fr\/index.php?rest_route=\/wp\/v2\/pages\/2930\/revisions\/3124"}],"wp:attachment":[{"href":"https:\/\/www.saulnes.fr\/index.php?rest_route=%2Fwp%2Fv2%2Fmedia&parent=2930"}],"curies":[{"name":"wp","href":"https:\/\/api.w.org\/{rel}","templated":true}]}}

Musées

<p>[et_pb_section fb_built= »1&Prime; _builder_version= »4.16&Prime; _module_preset= »default » global_colors_info= »{} »][et_pb_row _builder_version= »4.16&Prime; _module_preset= »default » custom_margin= »0px|auto||auto|| » custom_padding= »||4px||| » global_colors_info= »{} »][et_pb_column type= »4_4&Prime; _builder_version= »4.16&Prime; _module_preset= »default » global_colors_info= »{} »][et_pb_text _builder_version= »4.27.2&Prime; _module_preset= »default » custom_margin= »||-1px||| » global_colors_info= »{} »]</p>
<h1>Musées de Saulnes</h1>
<p>[/et_pb_text][et_pb_divider divider_weight= »7px » _builder_version= »4.16&Prime; _module_preset= »default » global_colors_info= »{} »][/et_pb_divider][et_pb_gallery _builder_version= »4.27.4&Prime; _module_preset= »default » gallery_ids= »3119,3120,3121,3122,3123&Prime; fullwidth= »on » auto= »on » auto_speed= »3000&Prime; hover_enabled= »0&Prime; sticky_enabled= »0&Prime;][/et_pb_gallery][et_pb_text _builder_version= »4.27.4&Prime; _module_preset= »default » global_colors_info= »{} »]</p>
<h3>Musée 1900 : ouverture sur demande pour des visites en groupe</h3>
<p>Dans une ancienne salle de classe, exposition du matériel des années 20, 30 et 40. Vous pourrez, entre autres, y admirer des anciens bureaux d&rsquo;écoliers, ardoises, tableaux, armoires, gommes&#8230;. Possibilité d&rsquo;écrire à la plume.</p>
<h3>Musée du matériel de la photographie : ouverture sur demande pour des visites en groupe</h3>
<p>Le musée de la Photographie se compose de plusieurs salles qui regroupent du matériel de cinéma amateur, des appareils photos, du matériel de laboratoire en studio et bien d&rsquo;autres éléments. Le musée abrite plus de 620 appareils photos, du matériel de laboratoire, de studio et de cinéma.</p>
<p>[/et_pb_text][/et_pb_column][/et_pb_row][/et_pb_section]</p>

<p>Musées de SaulnesMusée 1900 : ouverture sur demande pour des visites en groupe Dans une ancienne salle de classe, exposition du matériel des années 20, 30 et 40. Vous pourrez, entre autres, y admirer des anciens bureaux d&rsquo;écoliers, ardoises, tableaux, armoires, gommes&#8230;. Possibilité d&rsquo;écrire à la plume. Musée du matériel de la photographie : ouverture sur demande [&hellip;]</p>
