{"id":2940,"date":"2025-01-21T13:14:15","date_gmt":"2025-01-21T12:14:15","guid":{"rendered":"https:\/\/www.saulnes.fr\/?page_id=2940"},"modified":"2025-09-11T14:48:33","modified_gmt":"2025-09-11T13:48:33","slug":"numeros-pratiques","status":"publish","type":"page","link":"https:\/\/www.saulnes.fr\/?page_id=2940","title":{"rendered":"Num\u00e9ros Pratiques"},"content":{"rendered":"<p>[et_pb_section fb_built=\u00a0\u00bb1&Prime; _builder_version=\u00a0\u00bb4.16&Prime; _module_preset=\u00a0\u00bbdefault\u00a0\u00bb global_colors_info=\u00a0\u00bb{}\u00a0\u00bb][et_pb_row _builder_version=\u00a0\u00bb4.16&Prime; _module_preset=\u00a0\u00bbdefault\u00a0\u00bb custom_margin=\u00a0\u00bb80px|auto||auto||\u00a0\u00bb custom_padding=\u00a0\u00bb||4px|||\u00a0\u00bb global_colors_info=\u00a0\u00bb{}\u00a0\u00bb][et_pb_column type=\u00a0\u00bb4_4&Prime; _builder_version=\u00a0\u00bb4.16&Prime; _module_preset=\u00a0\u00bbdefault\u00a0\u00bb global_colors_info=\u00a0\u00bb{}\u00a0\u00bb][et_pb_text _builder_version=\u00a0\u00bb4.27.4&Prime; _module_preset=\u00a0\u00bbdefault\u00a0\u00bb custom_margin=\u00a0\u00bb||-1px|||\u00a0\u00bb global_colors_info=\u00a0\u00bb{}\u00a0\u00bb]<\/p>\n<h1>Num\u00e9ros pratiques<\/h1>\n<p>[\/et_pb_text][et_pb_divider divider_weight=\u00a0\u00bb7px\u00a0\u00bb _builder_version=\u00a0\u00bb4.16&Prime; _module_preset=\u00a0\u00bbdefault\u00a0\u00bb global_colors_info=\u00a0\u00bb{}\u00a0\u00bb][\/et_pb_divider][et_pb_text _builder_version=\u00a0\u00bb4.27.4&Prime; _module_preset=\u00a0\u00bbdefault\u00a0\u00bb hover_enabled=\u00a0\u00bb0&Prime; global_colors_info=\u00a0\u00bb{}\u00a0\u00bb sticky_enabled=\u00a0\u00bb0&Prime;]<\/p>\n<h5>Grand Longwy Agglom\u00e9ration<\/h5>\n<p>03.82.26.03.00<\/p>\n<h5>Commissariat de police<\/h5>\n<p>03.82.24.30.01<\/p>\n<h5>D\u00e9chets<\/h5>\n<p><strong>Encombrants<\/strong> 0800.003.941<br \/>\n<strong>D\u00e9chetterie Longwy<\/strong> 03.82.25.15.55<\/p>\n<h5>Loisirs<\/h5>\n<p><strong>Centre de loisirs de Longlaville<\/strong> 03.82.24.14.33<br \/>\n<strong>M\u00e9diath\u00e8que<\/strong> 03.82.24.75.77<br \/>\n<strong>MJC<\/strong> 03.82.25.18.85<\/p>\n<h5>\u00c9coles<\/h5>\n<p><strong>Garderie\/P\u00e9riscolaire<\/strong> 03.82.24.68.04<br \/>\n<strong>\u00c9cole primaire<\/strong> 03.82.24.39.11<br \/>\n<strong>Maternelle<\/strong> 03.82.24.34.88<\/p>\n<h5>Animaux<\/h5>\n<p><strong>Fourri\u00e8re<\/strong> 03.82.22.11.47<br \/>\n<strong>Office national de la chasse<\/strong> 03.83.73.24.74<br \/>\n<strong>Nid de gu\u00eapes\/Apiculteurs<\/strong> 06.74.61.42.22<\/p>\n<h5>Social<\/h5>\n<p><strong>ARPA (Mme MAGUIN)<\/strong> 06.18.54.04.97<br \/>\n<strong>PIMMS<\/strong> 03.82.44.54.50<br \/>\n<strong>S\u00e9curit\u00e9 Sociale<\/strong> 39.46<\/p>\n<h5>\u00c9nergie<\/h5>\n<p><strong>R\u00e9gie \u00e9lectrique<\/strong> 03.82.23.46.15<br \/>\n<strong>V\u00e9olia<\/strong> 09.69.32.35.54<\/p>\n<h5>Sant\u00e9<\/h5>\n<p><strong>Dentiste<\/strong> 03.82.24.32.23<br \/>\n<strong>Cabinet de sophrologie<\/strong> 06.17.70.21.20<br \/>\n<strong>Kin\u00e9<\/strong> 03.82.25.08.79<br \/>\n<strong>Pharmacie<\/strong> 03.82.24.33.04<br \/>\n<strong>Cabinet infirmier<\/strong> 03.82.25.63.66[\/et_pb_text][\/et_pb_column][\/et_pb_row][\/et_pb_section]<\/p>\n","protected":false},"excerpt":{"rendered":"<p>Num\u00e9ros pratiquesGrand Longwy Agglom\u00e9ration 03.82.26.03.00 Commissariat de police 03.82.24.30.01 D\u00e9chets Encombrants 0800.003.941 D\u00e9chetterie Longwy 03.82.25.15.55 Loisirs Centre de loisirs de Longlaville 03.82.24.14.33 M\u00e9diath\u00e8que 03.82.24.75.77 MJC 03.82.25.18.85 \u00c9coles Garderie\/P\u00e9riscolaire 03.82.24.68.04 \u00c9cole primaire 03.82.24.39.11 Maternelle 03.82.24.34.88 Animaux Fourri\u00e8re 03.82.22.11.47 Office national de la chasse 03.83.73.24.74 Nid de gu\u00eapes\/Apiculteurs 06.74.61.42.22 Social ARPA (Mme MAGUIN) 06.18.54.04.97 PIMMS 03.82.44.54.50 S\u00e9curit\u00e9 [&hellip;]<\/p>\n","protected":false},"author":1,"featured_media":0,"parent":0,"menu_order":0,"comment_status":"closed","ping_status":"closed","template":"","meta":{"_et_pb_use_builder":"on","_et_pb_old_content":"<!-- wp:divi\/placeholder \/-->","_et_gb_content_width":"","footnotes":""},"class_list":["post-2940","page","type-page","status-publish","hentry"],"_links":{"self":[{"href":"https:\/\/www.saulnes.fr\/index.php?rest_route=\/wp\/v2\/pages\/2940","targetHints":{"allow":["GET"]}}],"collection":[{"href":"https:\/\/www.saulnes.fr\/index.php?rest_route=\/wp\/v2\/pages"}],"about":[{"href":"https:\/\/www.saulnes.fr\/index.php?rest_route=\/wp\/v2\/types\/page"}],"author":[{"embeddable":true,"href":"https:\/\/www.saulnes.fr\/index.php?rest_route=\/wp\/v2\/users\/1"}],"replies":[{"embeddable":true,"href":"https:\/\/www.saulnes.fr\/index.php?rest_route=%2Fwp%2Fv2%2Fcomments&post=2940"}],"version-history":[{"count":4,"href":"https:\/\/www.saulnes.fr\/index.php?rest_route=\/wp\/v2\/pages\/2940\/revisions"}],"predecessor-version":[{"id":3094,"href":"https:\/\/www.saulnes.fr\/index.php?rest_route=\/wp\/v2\/pages\/2940\/revisions\/3094"}],"wp:attachment":[{"href":"https:\/\/www.saulnes.fr\/index.php?rest_route=%2Fwp%2Fv2%2Fmedia&parent=2940"}],"curies":[{"name":"wp","href":"https:\/\/api.w.org\/{rel}","templated":true}]}}

Numéros Pratiques

<p>[et_pb_section fb_built= »1&Prime; _builder_version= »4.16&Prime; _module_preset= »default » global_colors_info= »{} »][et_pb_row _builder_version= »4.16&Prime; _module_preset= »default » custom_margin= »80px|auto||auto|| » custom_padding= »||4px||| » global_colors_info= »{} »][et_pb_column type= »4_4&Prime; _builder_version= »4.16&Prime; _module_preset= »default » global_colors_info= »{} »][et_pb_text _builder_version= »4.27.4&Prime; _module_preset= »default » custom_margin= »||-1px||| » global_colors_info= »{} »]</p>
<h1>Numéros pratiques</h1>
<p>[/et_pb_text][et_pb_divider divider_weight= »7px » _builder_version= »4.16&Prime; _module_preset= »default » global_colors_info= »{} »][/et_pb_divider][et_pb_text _builder_version= »4.27.4&Prime; _module_preset= »default » hover_enabled= »0&Prime; global_colors_info= »{} » sticky_enabled= »0&Prime;]</p>
<h5>Grand Longwy Agglomération</h5>
<p>03.82.26.03.00</p>
<h5>Commissariat de police</h5>
<p>03.82.24.30.01</p>
<h5>Déchets</h5>
<p><strong>Encombrants</strong> 0800.003.941<br />
<strong>Déchetterie Longwy</strong> 03.82.25.15.55</p>
<h5>Loisirs</h5>
<p><strong>Centre de loisirs de Longlaville</strong> 03.82.24.14.33<br />
<strong>Médiathèque</strong> 03.82.24.75.77<br />
<strong>MJC</strong> 03.82.25.18.85</p>
<h5>Écoles</h5>
<p><strong>Garderie/Périscolaire</strong> 03.82.24.68.04<br />
<strong>École primaire</strong> 03.82.24.39.11<br />
<strong>Maternelle</strong> 03.82.24.34.88</p>
<h5>Animaux</h5>
<p><strong>Fourrière</strong> 03.82.22.11.47<br />
<strong>Office national de la chasse</strong> 03.83.73.24.74<br />
<strong>Nid de guêpes/Apiculteurs</strong> 06.74.61.42.22</p>
<h5>Social</h5>
<p><strong>ARPA (Mme MAGUIN)</strong> 06.18.54.04.97<br />
<strong>PIMMS</strong> 03.82.44.54.50<br />
<strong>Sécurité Sociale</strong> 39.46</p>
<h5>Énergie</h5>
<p><strong>Régie électrique</strong> 03.82.23.46.15<br />
<strong>Véolia</strong> 09.69.32.35.54</p>
<h5>Santé</h5>
<p><strong>Dentiste</strong> 03.82.24.32.23<br />
<strong>Cabinet de sophrologie</strong> 06.17.70.21.20<br />
<strong>Kiné</strong> 03.82.25.08.79<br />
<strong>Pharmacie</strong> 03.82.24.33.04<br />
<strong>Cabinet infirmier</strong> 03.82.25.63.66[/et_pb_text][/et_pb_column][/et_pb_row][/et_pb_section]</p>

<p>Numéros pratiquesGrand Longwy Agglomération 03.82.26.03.00 Commissariat de police 03.82.24.30.01 Déchets Encombrants 0800.003.941 Déchetterie Longwy 03.82.25.15.55 Loisirs Centre de loisirs de Longlaville 03.82.24.14.33 Médiathèque 03.82.24.75.77 MJC 03.82.25.18.85 Écoles Garderie/Périscolaire 03.82.24.68.04 École primaire 03.82.24.39.11 Maternelle 03.82.24.34.88 Animaux Fourrière 03.82.22.11.47 Office national de la chasse 03.83.73.24.74 Nid de guêpes/Apiculteurs 06.74.61.42.22 Social ARPA (Mme MAGUIN) 06.18.54.04.97 PIMMS 03.82.44.54.50 Sécurité [&hellip;]</p>
