{"id":2946,"date":"2025-01-21T13:15:51","date_gmt":"2025-01-21T12:15:51","guid":{"rendered":"https:\/\/www.saulnes.fr\/?page_id=2946"},"modified":"2025-09-11T14:28:24","modified_gmt":"2025-09-11T13:28:24","slug":"ramassage-des-poubelles","status":"publish","type":"page","link":"https:\/\/www.saulnes.fr\/?page_id=2946","title":{"rendered":"Ramassage des poubelles"},"content":{"rendered":"<p>[et_pb_section fb_built=\u00a0\u00bb1&Prime; _builder_version=\u00a0\u00bb4.16&Prime; _module_preset=\u00a0\u00bbdefault\u00a0\u00bb global_colors_info=\u00a0\u00bb{}\u00a0\u00bb][et_pb_row _builder_version=\u00a0\u00bb4.16&Prime; _module_preset=\u00a0\u00bbdefault\u00a0\u00bb custom_margin=\u00a0\u00bb80px|auto||auto||\u00a0\u00bb custom_padding=\u00a0\u00bb||4px|||\u00a0\u00bb global_colors_info=\u00a0\u00bb{}\u00a0\u00bb][et_pb_column type=\u00a0\u00bb4_4&Prime; _builder_version=\u00a0\u00bb4.16&Prime; _module_preset=\u00a0\u00bbdefault\u00a0\u00bb global_colors_info=\u00a0\u00bb{}\u00a0\u00bb][et_pb_text _builder_version=\u00a0\u00bb4.27.4&Prime; _module_preset=\u00a0\u00bbdefault\u00a0\u00bb custom_margin=\u00a0\u00bb||-1px|||\u00a0\u00bb global_colors_info=\u00a0\u00bb{}\u00a0\u00bb]<\/p>\n<h1>Ramassages des poubelles<\/h1>\n<p>[\/et_pb_text][et_pb_divider divider_weight=\u00a0\u00bb7px\u00a0\u00bb _builder_version=\u00a0\u00bb4.16&Prime; _module_preset=\u00a0\u00bbdefault\u00a0\u00bb global_colors_info=\u00a0\u00bb{}\u00a0\u00bb][\/et_pb_divider][et_pb_text _builder_version=\u00a0\u00bb4.27.4&Prime; _module_preset=\u00a0\u00bbdefault\u00a0\u00bb hover_enabled=\u00a0\u00bb0&Prime; global_colors_info=\u00a0\u00bb{}\u00a0\u00bb sticky_enabled=\u00a0\u00bb0&Prime;]<\/p>\n<h4>Ordures m\u00e9nag\u00e8res<\/h4>\n<p>Tous les mercredis<\/p>\n<h4>Tri s\u00e9lectif<\/h4>\n<p>Tous les mardis<\/p>\n<p><strong>(si le jour de ramassage des poubelles tombe un jour f\u00e9ri\u00e9, le ramassage sera report\u00e9 au lendemain)<\/strong>\u00a0<\/p>\n<h4>Encombrants<\/h4>\n<p>0800 003 941<\/p>\n<p>[\/et_pb_text][\/et_pb_column][\/et_pb_row][\/et_pb_section]<\/p>\n","protected":false},"excerpt":{"rendered":"<p>Ramassages des poubellesOrdures m\u00e9nag\u00e8res Tous les mercredis Tri s\u00e9lectif Tous les mardis (si le jour de ramassage des poubelles tombe un jour f\u00e9ri\u00e9, le ramassage sera report\u00e9 au lendemain)\u00a0 Encombrants 0800 003 941<\/p>\n","protected":false},"author":1,"featured_media":0,"parent":0,"menu_order":0,"comment_status":"closed","ping_status":"closed","template":"","meta":{"_et_pb_use_builder":"on","_et_pb_old_content":"<!-- wp:divi\/placeholder \/-->","_et_gb_content_width":"","footnotes":""},"class_list":["post-2946","page","type-page","status-publish","hentry"],"_links":{"self":[{"href":"https:\/\/www.saulnes.fr\/index.php?rest_route=\/wp\/v2\/pages\/2946","targetHints":{"allow":["GET"]}}],"collection":[{"href":"https:\/\/www.saulnes.fr\/index.php?rest_route=\/wp\/v2\/pages"}],"about":[{"href":"https:\/\/www.saulnes.fr\/index.php?rest_route=\/wp\/v2\/types\/page"}],"author":[{"embeddable":true,"href":"https:\/\/www.saulnes.fr\/index.php?rest_route=\/wp\/v2\/users\/1"}],"replies":[{"embeddable":true,"href":"https:\/\/www.saulnes.fr\/index.php?rest_route=%2Fwp%2Fv2%2Fcomments&post=2946"}],"version-history":[{"count":5,"href":"https:\/\/www.saulnes.fr\/index.php?rest_route=\/wp\/v2\/pages\/2946\/revisions"}],"predecessor-version":[{"id":3085,"href":"https:\/\/www.saulnes.fr\/index.php?rest_route=\/wp\/v2\/pages\/2946\/revisions\/3085"}],"wp:attachment":[{"href":"https:\/\/www.saulnes.fr\/index.php?rest_route=%2Fwp%2Fv2%2Fmedia&parent=2946"}],"curies":[{"name":"wp","href":"https:\/\/api.w.org\/{rel}","templated":true}]}}

<p>[et_pb_section fb_built= »1&Prime; _builder_version= »4.16&Prime; _module_preset= »default » global_colors_info= »{} »][et_pb_row _builder_version= »4.16&Prime; _module_preset= »default » custom_margin= »80px|auto||auto|| » custom_padding= »||4px||| » global_colors_info= »{} »][et_pb_column type= »4_4&Prime; _builder_version= »4.16&Prime; _module_preset= »default » global_colors_info= »{} »][et_pb_text _builder_version= »4.27.4&Prime; _module_preset= »default » custom_margin= »||-1px||| » global_colors_info= »{} »]</p>
<h1>Ramassages des poubelles</h1>
<p>[/et_pb_text][et_pb_divider divider_weight= »7px » _builder_version= »4.16&Prime; _module_preset= »default » global_colors_info= »{} »][/et_pb_divider][et_pb_text _builder_version= »4.27.4&Prime; _module_preset= »default » hover_enabled= »0&Prime; global_colors_info= »{} » sticky_enabled= »0&Prime;]</p>
<h4>Ordures ménagères</h4>
<p>Tous les mercredis</p>
<h4>Tri sélectif</h4>
<p>Tous les mardis</p>
<p><strong>(si le jour de ramassage des poubelles tombe un jour férié, le ramassage sera reporté au lendemain)</strong> </p>
<h4>Encombrants</h4>
<p>0800 003 941</p>
<p>[/et_pb_text][/et_pb_column][/et_pb_row][/et_pb_section]</p>

<p>Ramassages des poubellesOrdures ménagères Tous les mercredis Tri sélectif Tous les mardis (si le jour de ramassage des poubelles tombe un jour férié, le ramassage sera reporté au lendemain)  Encombrants 0800 003 941</p>
