{"id":2950,"date":"2025-01-21T13:17:10","date_gmt":"2025-01-21T12:17:10","guid":{"rendered":"https:\/\/www.saulnes.fr\/?page_id=2950"},"modified":"2025-09-11T15:03:36","modified_gmt":"2025-09-11T14:03:36","slug":"commerces","status":"publish","type":"page","link":"https:\/\/www.saulnes.fr\/?page_id=2950","title":{"rendered":"Commerces"},"content":{"rendered":"<p>[et_pb_section fb_built=\u00a0\u00bb1&Prime; _builder_version=\u00a0\u00bb4.16&Prime; _module_preset=\u00a0\u00bbdefault\u00a0\u00bb global_colors_info=\u00a0\u00bb{}\u00a0\u00bb][et_pb_row _builder_version=\u00a0\u00bb4.16&Prime; _module_preset=\u00a0\u00bbdefault\u00a0\u00bb custom_margin=\u00a0\u00bb80px|auto||auto||\u00a0\u00bb custom_padding=\u00a0\u00bb||4px|||\u00a0\u00bb global_colors_info=\u00a0\u00bb{}\u00a0\u00bb][et_pb_column type=\u00a0\u00bb4_4&Prime; _builder_version=\u00a0\u00bb4.16&Prime; _module_preset=\u00a0\u00bbdefault\u00a0\u00bb global_colors_info=\u00a0\u00bb{}\u00a0\u00bb][et_pb_text _builder_version=\u00a0\u00bb4.27.4&Prime; _module_preset=\u00a0\u00bbdefault\u00a0\u00bb custom_margin=\u00a0\u00bb||-1px|||\u00a0\u00bb global_colors_info=\u00a0\u00bb{}\u00a0\u00bb]<\/p>\n<h1>Commerces de Saulnes<\/h1>\n<p>[\/et_pb_text][et_pb_divider divider_weight=\u00a0\u00bb7px\u00a0\u00bb _builder_version=\u00a0\u00bb4.16&Prime; _module_preset=\u00a0\u00bbdefault\u00a0\u00bb global_colors_info=\u00a0\u00bb{}\u00a0\u00bb][\/et_pb_divider][et_pb_text _builder_version=\u00a0\u00bb4.27.4&Prime; _module_preset=\u00a0\u00bbdefault\u00a0\u00bb hover_enabled=\u00a0\u00bb0&Prime; global_colors_info=\u00a0\u00bb{}\u00a0\u00bb sticky_enabled=\u00a0\u00bb0&Prime;]<\/p>\n<h4>Coiffeurs<\/h4>\n<p><strong>L\u2019atelier de Nathalie<\/strong> 13 Grand-rue 54650 Saulnes \/ 03 82 23 15 99<br \/><strong>SCHNEIDER G\u00e9rard<\/strong> 19 Rue des D\u00e9port\u00e9s Politiques 54650 Saulnes \/ 03 82 24 21 07<\/p>\n<h4>Boulangerie<\/h4>\n<p><strong>BEHEM<\/strong> 7 Grand-rue 54650 Saulnes \/03 82 44 33 36 \/ Heures d\u2019ouvertures\u00a0: du mardi au dimanche de 6h30 \u00e0 12h30 et de 16h \u00e0 19h<\/p>\n<h4>Auto-\u00e9cole<\/h4>\n<p><strong>KHAROUBI<\/strong> 7 Grand-rue 54650 Saulnes \/ 03 82 23 45 38<\/p>\n<h4>Salon esth\u00e9tique<\/h4>\n<p><strong>Stella Institut<\/strong> 1 Rue des Carmes 54650 Saulnes \/07 72 09 50 88 \/Site Internet :\u00a0<a href=\"https:\/\/www.planity.com\/stella-institut-54650-saulnes\">www.planity.com\/stella-institut-54650-saulnes<\/a><br \/><strong>Bien dans son corps<\/strong> 46 Rue de Longwy 54650 Saulnes \/ 06 63 23 20 09<\/p>\n<h4>Bar\/presse<\/h4>\n<p><strong>Au Saulnois<\/strong> 4 Rue Grande Rue 54650 Saulnes \/03 72 26 07 47 \/ Site Internet : <a href=\"http:\/\/www.ausaulnois.fr\/\">www.ausaulnois.fr<\/a> \/ Heures d\u2019ouvertures : du lundi au vendredi de 8h \u00e0 19h, jeudi ferm\u00e9, samedi de 8h00 \u00e0 13h30 et dimanche de 8h00 \u00e0 12h30<\/p>\n<h4>Sup\u00e9rette<\/h4>\n<p><strong>Carrefour express<\/strong> Place du 8 Mai 1945 54650 Saulnes \/ Site : <a href=\"https:\/\/www.carrefour.fr\/magasin\/express-saulnes\">www.carrefour.fr\/magasin\/express-saulnes<\/a> \u00a0\/ T\u00e9l : 03 82 25 98 39<\/p>\n<h4>Tapissier d\u00e9corateur<\/h4>\n<p><strong>Une id\u00e9e <\/strong>53 bis rue Sous ch\u00e2tier 54650 Saulnes \/ 06 62 13 97 98<\/p>\n<h4>Internet, t\u00e9l\u00e9phonie, t\u00e9l\u00e9vision<\/h4>\n<p><strong>RIV 54 :\u00a0 <\/strong>5 Grand rue 54650 SAULNES \/ T\u00e9l : 03 82 23 19 19 \/ Heures d\u2019ouvertures : du lundi au vendredi de 8h30 \u00e0 12h00 et de 13h30 \u00e0 17h00<\/p>\n<p>[\/et_pb_text][et_pb_gallery _builder_version=\u00a0\u00bb4.27.4&Prime; _module_preset=\u00a0\u00bbdefault\u00a0\u00bb gallery_ids=\u00a0\u00bb3098,3099,3100,3101,3102,3103,3104&Prime; hover_enabled=\u00a0\u00bb0&Prime; sticky_enabled=\u00a0\u00bb0&Prime; fullwidth=\u00a0\u00bbon\u00a0\u00bb auto=\u00a0\u00bbon\u00a0\u00bb auto_speed=\u00a0\u00bb3000&Prime;][\/et_pb_gallery][\/et_pb_column][\/et_pb_row][\/et_pb_section]<\/p>\n","protected":false},"excerpt":{"rendered":"<p>Commerces de SaulnesCoiffeurs L\u2019atelier de Nathalie 13 Grand-rue 54650 Saulnes \/ 03 82 23 15 99SCHNEIDER G\u00e9rard 19 Rue des D\u00e9port\u00e9s Politiques 54650 Saulnes \/ 03 82 24 21 07 Boulangerie BEHEM 7 Grand-rue 54650 Saulnes \/03 82 44 33 36 \/ Heures d\u2019ouvertures\u00a0: du mardi au dimanche de 6h30 \u00e0 12h30 et de 16h [&hellip;]<\/p>\n","protected":false},"author":1,"featured_media":0,"parent":0,"menu_order":0,"comment_status":"closed","ping_status":"closed","template":"","meta":{"_et_pb_use_builder":"on","_et_pb_old_content":"<!-- wp:divi\/placeholder \/-->","_et_gb_content_width":"","footnotes":""},"class_list":["post-2950","page","type-page","status-publish","hentry"],"_links":{"self":[{"href":"https:\/\/www.saulnes.fr\/index.php?rest_route=\/wp\/v2\/pages\/2950","targetHints":{"allow":["GET"]}}],"collection":[{"href":"https:\/\/www.saulnes.fr\/index.php?rest_route=\/wp\/v2\/pages"}],"about":[{"href":"https:\/\/www.saulnes.fr\/index.php?rest_route=\/wp\/v2\/types\/page"}],"author":[{"embeddable":true,"href":"https:\/\/www.saulnes.fr\/index.php?rest_route=\/wp\/v2\/users\/1"}],"replies":[{"embeddable":true,"href":"https:\/\/www.saulnes.fr\/index.php?rest_route=%2Fwp%2Fv2%2Fcomments&post=2950"}],"version-history":[{"count":8,"href":"https:\/\/www.saulnes.fr\/index.php?rest_route=\/wp\/v2\/pages\/2950\/revisions"}],"predecessor-version":[{"id":3108,"href":"https:\/\/www.saulnes.fr\/index.php?rest_route=\/wp\/v2\/pages\/2950\/revisions\/3108"}],"wp:attachment":[{"href":"https:\/\/www.saulnes.fr\/index.php?rest_route=%2Fwp%2Fv2%2Fmedia&parent=2950"}],"curies":[{"name":"wp","href":"https:\/\/api.w.org\/{rel}","templated":true}]}}

<p>[et_pb_section fb_built= »1&Prime; _builder_version= »4.16&Prime; _module_preset= »default » global_colors_info= »{} »][et_pb_row _builder_version= »4.16&Prime; _module_preset= »default » custom_margin= »80px|auto||auto|| » custom_padding= »||4px||| » global_colors_info= »{} »][et_pb_column type= »4_4&Prime; _builder_version= »4.16&Prime; _module_preset= »default » global_colors_info= »{} »][et_pb_text _builder_version= »4.27.4&Prime; _module_preset= »default » custom_margin= »||-1px||| » global_colors_info= »{} »]</p>
<h1>Commerces de Saulnes</h1>
<p>[/et_pb_text][et_pb_divider divider_weight= »7px » _builder_version= »4.16&Prime; _module_preset= »default » global_colors_info= »{} »][/et_pb_divider][et_pb_text _builder_version= »4.27.4&Prime; _module_preset= »default » hover_enabled= »0&Prime; global_colors_info= »{} » sticky_enabled= »0&Prime;]</p>
<h4>Coiffeurs</h4>
<p><strong>L’atelier de Nathalie</strong> 13 Grand-rue 54650 Saulnes / 03 82 23 15 99<br /><strong>SCHNEIDER Gérard</strong> 19 Rue des Déportés Politiques 54650 Saulnes / 03 82 24 21 07</p>
<h4>Boulangerie</h4>
<p><strong>BEHEM</strong> 7 Grand-rue 54650 Saulnes /03 82 44 33 36 / Heures d’ouvertures : du mardi au dimanche de 6h30 à 12h30 et de 16h à 19h</p>
<h4>Auto-école</h4>
<p><strong>KHAROUBI</strong> 7 Grand-rue 54650 Saulnes / 03 82 23 45 38</p>
<h4>Salon esthétique</h4>
<p><strong>Stella Institut</strong> 1 Rue des Carmes 54650 Saulnes /07 72 09 50 88 /Site Internet : <a href="https://www.planity.com/stella-institut-54650-saulnes">www.planity.com/stella-institut-54650-saulnes</a><br /><strong>Bien dans son corps</strong> 46 Rue de Longwy 54650 Saulnes / 06 63 23 20 09</p>
<h4>Bar/presse</h4>
<p><strong>Au Saulnois</strong> 4 Rue Grande Rue 54650 Saulnes /03 72 26 07 47 / Site Internet : <a href="http://www.ausaulnois.fr/">www.ausaulnois.fr</a> / Heures d’ouvertures : du lundi au vendredi de 8h à 19h, jeudi fermé, samedi de 8h00 à 13h30 et dimanche de 8h00 à 12h30</p>
<h4>Supérette</h4>
<p><strong>Carrefour express</strong> Place du 8 Mai 1945 54650 Saulnes / Site : <a href="https://www.carrefour.fr/magasin/express-saulnes">www.carrefour.fr/magasin/express-saulnes</a>  / Tél : 03 82 25 98 39</p>
<h4>Tapissier décorateur</h4>
<p><strong>Une idée </strong>53 bis rue Sous châtier 54650 Saulnes / 06 62 13 97 98</p>
<h4>Internet, téléphonie, télévision</h4>
<p><strong>RIV 54 :  </strong>5 Grand rue 54650 SAULNES / Tél : 03 82 23 19 19 / Heures d’ouvertures : du lundi au vendredi de 8h30 à 12h00 et de 13h30 à 17h00</p>
<p>[/et_pb_text][et_pb_gallery _builder_version= »4.27.4&Prime; _module_preset= »default » gallery_ids= »3098,3099,3100,3101,3102,3103,3104&Prime; hover_enabled= »0&Prime; sticky_enabled= »0&Prime; fullwidth= »on » auto= »on » auto_speed= »3000&Prime;][/et_pb_gallery][/et_pb_column][/et_pb_row][/et_pb_section]</p>

<p>Commerces de SaulnesCoiffeurs L’atelier de Nathalie 13 Grand-rue 54650 Saulnes / 03 82 23 15 99SCHNEIDER Gérard 19 Rue des Déportés Politiques 54650 Saulnes / 03 82 24 21 07 Boulangerie BEHEM 7 Grand-rue 54650 Saulnes /03 82 44 33 36 / Heures d’ouvertures : du mardi au dimanche de 6h30 à 12h30 et de 16h [&hellip;]</p>
